Last updated on 2024-07-03 18:57:31 CEST.
Flavor | Version | Tinstall | Tcheck | Ttotal | Status | Flags |
---|---|---|---|---|---|---|
r-devel-linux-x86_64-debian-clang | 1.0.0 | 2.91 | 34.58 | 37.49 | NOTE | |
r-devel-linux-x86_64-debian-gcc | 1.0.0 | 2.33 | 26.26 | 28.59 | NOTE | |
r-devel-linux-x86_64-fedora-clang | 1.0.0 | 47.60 | NOTE | |||
r-devel-linux-x86_64-fedora-gcc | 1.0.0 | 46.65 | NOTE | |||
r-devel-windows-x86_64 | 1.0.0 | 5.00 | 52.00 | 57.00 | NOTE | |
r-patched-linux-x86_64 | 1.0.0 | 3.22 | 32.62 | 35.84 | NOTE | |
r-release-linux-x86_64 | 1.0.0 | 2.97 | 33.08 | 36.05 | NOTE | |
r-release-macos-arm64 | 1.0.0 | 18.00 | NOTE | |||
r-release-macos-x86_64 | 1.0.0 | 27.00 | NOTE | |||
r-release-windows-x86_64 | 1.0.0 | 4.00 | 52.00 | 56.00 | NOTE | |
r-oldrel-macos-arm64 | 1.0.0 | 21.00 | NOTE | |||
r-oldrel-macos-x86_64 | 1.0.0 | 26.00 | NOTE | |||
r-oldrel-windows-x86_64 | 1.0.0 | 5.00 | 55.00 | 60.00 | NOTE |
Version: 1.0.0
Check: LazyData
Result: NOTE
'LazyData' is specified without a 'data' directory
Flavors: r-devel-linux-x86_64-debian-clang, r-devel-linux-x86_64-debian-gcc, r-devel-linux-x86_64-fedora-clang, r-devel-linux-x86_64-fedora-gcc, r-devel-windows-x86_64, r-patched-linux-x86_64, r-release-linux-x86_64, r-release-macos-arm64, r-release-macos-x86_64, r-release-windows-x86_64, r-oldrel-macos-arm64, r-oldrel-macos-x86_64, r-oldrel-windows-x86_64