Last updated on 2025-11-23 05:50:09 CET.
| Flavor | Version | Tinstall | Tcheck | Ttotal | Status | Flags |
|---|---|---|---|---|---|---|
| r-devel-linux-x86_64-debian-clang | 0.1.0 | 6.57 | 62.15 | 68.72 | NOTE | |
| r-devel-linux-x86_64-debian-gcc | 0.1.0 | 4.32 | 43.97 | 48.29 | NOTE | |
| r-devel-linux-x86_64-fedora-clang | 0.1.0 | 15.00 | 84.45 | 99.45 | OK | |
| r-devel-windows-x86_64 | 0.1.0 | 11.00 | 78.00 | 89.00 | OK | |
| r-patched-linux-x86_64 | 0.1.0 | 7.81 | 55.26 | 63.07 | OK | |
| r-release-linux-x86_64 | 0.1.0 | 4.92 | 54.65 | 59.57 | OK | |
| r-release-macos-arm64 | 0.1.0 | OK | ||||
| r-release-macos-x86_64 | 0.1.0 | 4.00 | 40.00 | 44.00 | OK | |
| r-release-windows-x86_64 | 0.1.0 | 9.00 | 99.00 | 108.00 | OK | |
| r-oldrel-macos-arm64 | 0.1.0 | OK | ||||
| r-oldrel-macos-x86_64 | 0.1.0 | 4.00 | 44.00 | 48.00 | OK | |
| r-oldrel-windows-x86_64 | 0.1.0 | 10.00 | 92.00 | 102.00 | OK |
Version: 0.1.0
Check: DESCRIPTION meta-information
Result: NOTE
Author field differs from that derived from Authors@R
Author: ‘Nicolas Frerebeau [aut, cre] (<https://orcid.org/0000-0001-5759-4944>), Université Bordeaux Montaigne [fnd] (03pbgwk21), CNRS [fnd] (02feahw73)’
Authors@R: ‘Nicolas Frerebeau [aut, cre] (ORCID: <https://orcid.org/0000-0001-5759-4944>), Université Bordeaux Montaigne [fnd] (ROR: <https://ror.org/03pbgwk21>), CNRS [fnd] (ROR: <https://ror.org/02feahw73>)’
Flavors: r-devel-linux-x86_64-debian-clang, r-devel-linux-x86_64-debian-gcc