Last updated on 2025-10-27 17:50:22 CET.
| Flavor | Version | Tinstall | Tcheck | Ttotal | Status | Flags |
|---|---|---|---|---|---|---|
| r-devel-linux-x86_64-debian-clang | 1.3.5 | 49.07 | 96.76 | 145.83 | NOTE | |
| r-devel-linux-x86_64-debian-gcc | 1.3.5 | 27.36 | 68.03 | 95.39 | NOTE | |
| r-devel-linux-x86_64-fedora-clang | 1.3.5 | 98.00 | 132.24 | 230.24 | NOTE | |
| r-devel-linux-x86_64-fedora-gcc | 1.3.5 | 73.00 | 164.58 | 237.58 | NOTE | |
| r-devel-windows-x86_64 | 1.3.5 | 42.00 | 116.00 | 158.00 | NOTE | |
| r-patched-linux-x86_64 | 1.3.5 | 40.53 | 92.69 | 133.22 | NOTE | |
| r-release-linux-x86_64 | 1.3.5 | 41.09 | 90.72 | 131.81 | NOTE | |
| r-release-macos-arm64 | 1.3.5 | 19.00 | 57.00 | 76.00 | NOTE | |
| r-release-macos-x86_64 | 1.3.5 | 20.00 | 115.00 | 135.00 | NOTE | |
| r-release-windows-x86_64 | 1.3.5 | 42.00 | 119.00 | 161.00 | NOTE | |
| r-oldrel-macos-arm64 | 1.3.5 | 16.00 | 41.00 | 57.00 | NOTE | |
| r-oldrel-macos-x86_64 | 1.3.5 | 14.00 | 59.00 | 73.00 | NOTE | |
| r-oldrel-windows-x86_64 | 1.3.5 | 52.00 | 154.00 | 206.00 | NOTE |
Version: 1.3.5
Check: CRAN incoming feasibility
Result: NOTE
Maintainer: ‘Shaun Wilkinson <shaunpwilkinson@gmail.com>’
Package CITATION file contains call(s) to old-style personList() or
as.personList(). Please use c() on person objects instead.
Package CITATION file contains call(s) to old-style citEntry(). Please
use bibentry() instead.
Flavors: r-devel-linux-x86_64-debian-clang, r-devel-linux-x86_64-debian-gcc
Version: 1.3.5
Check: C++ specification
Result: NOTE
Specified C++11: please drop specification unless essential
Flavors: r-devel-linux-x86_64-debian-clang, r-devel-linux-x86_64-debian-gcc, r-devel-linux-x86_64-fedora-clang, r-devel-linux-x86_64-fedora-gcc, r-devel-windows-x86_64, r-patched-linux-x86_64, r-release-linux-x86_64, r-release-macos-arm64, r-release-macos-x86_64, r-release-windows-x86_64, r-oldrel-macos-arm64, r-oldrel-macos-x86_64, r-oldrel-windows-x86_64