Last updated on 2024-03-28 17:49:21 CET.
Flavor | Version | Tinstall | Tcheck | Ttotal | Status | Flags |
---|---|---|---|---|---|---|
r-devel-linux-x86_64-debian-clang | 3.3.1 | 28.00 | 213.49 | 241.49 | NOTE | |
r-devel-linux-x86_64-debian-gcc | 3.3.1 | 27.40 | 154.06 | 181.46 | NOTE | |
r-devel-linux-x86_64-fedora-clang | 3.3.1 | 303.91 | NOTE | |||
r-devel-linux-x86_64-fedora-gcc | 3.3.1 | 290.58 | NOTE | |||
r-devel-windows-x86_64 | 3.3.1 | 27.00 | 179.00 | 206.00 | NOTE | |
r-patched-linux-x86_64 | 3.3.1 | 39.30 | 209.48 | 248.78 | NOTE | |
r-release-linux-x86_64 | 3.3.1 | 28.74 | 204.98 | 233.72 | NOTE | |
r-release-macos-arm64 | 3.3.1 | 101.00 | NOTE | |||
r-release-macos-x86_64 | 3.3.1 | 188.00 | NOTE | |||
r-release-windows-x86_64 | 3.3.1 | 37.00 | 216.00 | 253.00 | NOTE | |
r-oldrel-macos-arm64 | 3.3.1 | 73.00 | NOTE | |||
r-oldrel-windows-x86_64 | 3.3.1 | 37.00 | 192.00 | 229.00 | NOTE |
Version: 3.3.1
Check: package dependencies
Result: NOTE
Packages suggested but not available for checking:
'sfit', 'expectile', 'HaarSeg', 'mpcbs'
Flavors: r-devel-linux-x86_64-debian-clang, r-devel-linux-x86_64-debian-gcc, r-devel-linux-x86_64-fedora-clang, r-devel-linux-x86_64-fedora-gcc, r-devel-windows-x86_64, r-patched-linux-x86_64, r-release-linux-x86_64, r-release-windows-x86_64, r-oldrel-macos-arm64, r-oldrel-windows-x86_64
Version: 3.3.1
Check: package dependencies
Result: NOTE
Packages suggested but not available for checking:
'GLAD', 'sfit', 'expectile', 'HaarSeg', 'mpcbs'
Flavors: r-release-macos-arm64, r-release-macos-x86_64
Version: 3.3.1
Check: Rd cross-references
Result: NOTE
Package unavailable to check Rd xrefs: ‘GLAD’
Flavors: r-release-macos-arm64, r-release-macos-x86_64