CRAN Package Check Results for Package asciiruler

Last updated on 2025-05-19 06:49:37 CEST.

Flavor Version Tinstall Tcheck Ttotal Status Flags
r-devel-linux-x86_64-debian-clang 0.2 2.95 25.98 28.93 NOTE
r-devel-linux-x86_64-debian-gcc 0.2 2.11 20.42 22.53 NOTE
r-devel-linux-x86_64-fedora-clang 0.2 43.89 OK
r-devel-linux-x86_64-fedora-gcc 0.2 41.85 OK
r-devel-windows-x86_64 0.2 4.00 56.00 60.00 OK
r-patched-linux-x86_64 0.2 2.53 25.14 27.67 OK
r-release-linux-x86_64 0.2 2.79 24.54 27.33 OK
r-release-macos-arm64 0.2 21.00 OK
r-release-macos-x86_64 0.2 31.00 OK
r-release-windows-x86_64 0.2 4.00 52.00 56.00 OK
r-oldrel-macos-arm64 0.2 18.00 OK
r-oldrel-macos-x86_64 0.2 26.00 OK
r-oldrel-windows-x86_64 0.2 5.00 52.00 57.00 OK

Check Details

Version: 0.2
Check: CRAN incoming feasibility
Result: NOTE Maintainer: ‘Jeremy Leipzig <leipzig@gmail.com>’ No Authors@R field in DESCRIPTION. Please add one, modifying Authors@R: person(given = "Jeremy", family = "Leipzig", role = c("aut", "cre"), email = "leipzig@gmail.com") as necessary. Flavors: r-devel-linux-x86_64-debian-clang, r-devel-linux-x86_64-debian-gcc