Last updated on 2024-04-18 06:57:33 CEST.
Flavor | Version | Tinstall | Tcheck | Ttotal | Status | Flags |
---|---|---|---|---|---|---|
r-devel-linux-x86_64-debian-clang | 0.1-3 | 2.21 | 21.12 | 23.33 | NOTE | |
r-devel-linux-x86_64-debian-gcc | 0.1-3 | 1.81 | 16.46 | 18.27 | NOTE | |
r-devel-linux-x86_64-fedora-clang | 0.1-3 | 30.23 | NOTE | |||
r-devel-linux-x86_64-fedora-gcc | 0.1-3 | 28.74 | NOTE | |||
r-prerel-macos-arm64 | 0.1-3 | 14.00 | NOTE | |||
r-prerel-windows-x86_64 | 0.1-3 | 2.00 | 35.00 | 37.00 | NOTE | |
r-patched-linux-x86_64 | 0.1-3 | 2.30 | 20.11 | 22.41 | NOTE | |
r-release-linux-x86_64 | 0.1-3 | 2.35 | 20.14 | 22.49 | NOTE | |
r-release-macos-arm64 | 0.1-3 | 14.00 | NOTE | |||
r-release-macos-x86_64 | 0.1-3 | 19.00 | NOTE | |||
r-release-windows-x86_64 | 0.1-3 | 5.00 | 36.00 | 41.00 | NOTE | |
r-oldrel-macos-arm64 | 0.1-3 | 15.00 | NOTE | |||
r-oldrel-windows-x86_64 | 0.1-3 | 7.00 | 42.00 | 49.00 | NOTE |
Version: 0.1-3
Check: LazyData
Result: NOTE
'LazyData' is specified without a 'data' directory
Flavors: r-devel-linux-x86_64-debian-clang, r-devel-linux-x86_64-debian-gcc, r-devel-linux-x86_64-fedora-clang, r-devel-linux-x86_64-fedora-gcc, r-prerel-macos-arm64, r-prerel-windows-x86_64, r-patched-linux-x86_64, r-release-linux-x86_64, r-release-macos-arm64, r-release-macos-x86_64, r-release-windows-x86_64, r-oldrel-macos-arm64, r-oldrel-windows-x86_64