Last updated on 2025-11-22 17:49:24 CET.
| Flavor | Version | Tinstall | Tcheck | Ttotal | Status | Flags |
|---|---|---|---|---|---|---|
| r-devel-linux-x86_64-debian-clang | 0.3.1 | 2.03 | 39.78 | 41.81 | OK | |
| r-devel-linux-x86_64-debian-gcc | 0.3.1 | 1.84 | 33.48 | 35.32 | OK | |
| r-devel-linux-x86_64-fedora-clang | 0.3.1 | 64.51 | OK | |||
| r-devel-windows-x86_64 | 0.3.1 | 6.00 | 59.00 | 65.00 | OK | |
| r-patched-linux-x86_64 | 0.3.1 | 2.42 | 36.86 | 39.28 | OK | |
| r-release-linux-x86_64 | 0.3.1 | 2.12 | 36.84 | 38.96 | OK | |
| r-release-macos-arm64 | 0.3.1 | OK | ||||
| r-release-macos-x86_64 | 0.3.1 | 3.00 | 58.00 | 61.00 | OK | |
| r-release-windows-x86_64 | 0.3.1 | 5.00 | 58.00 | 63.00 | OK | |
| r-oldrel-macos-arm64 | 0.3.1 | NOTE | ||||
| r-oldrel-macos-x86_64 | 0.3.1 | 2.00 | 45.00 | 47.00 | NOTE | |
| r-oldrel-windows-x86_64 | 0.3.1 | 7.00 | 70.00 | 77.00 | NOTE |
Version: 0.3.1
Check: LazyData
Result: NOTE
'LazyData' is specified without a 'data' directory
Flavors: r-oldrel-macos-arm64, r-oldrel-macos-x86_64, r-oldrel-windows-x86_64