CRAN Package Check Results for Package aws.wrfsmn

Last updated on 2025-07-20 06:50:04 CEST.

Flavor Version Tinstall Tcheck Ttotal Status Flags
r-devel-linux-x86_64-debian-clang 0.0.5 26.51 255.36 281.87 ERROR
r-devel-linux-x86_64-debian-gcc 0.0.5 16.83 159.12 175.95 ERROR
r-devel-linux-x86_64-fedora-clang 0.0.5 473.75 ERROR
r-devel-linux-x86_64-fedora-gcc 0.0.5 447.28 OK
r-devel-windows-x86_64 0.0.5 26.00 220.00 246.00 OK
r-patched-linux-x86_64 0.0.5 25.47 238.63 264.10 OK
r-release-linux-x86_64 0.0.5 23.49 236.67 260.16 ERROR
r-release-macos-arm64 0.0.5 134.00 OK
r-release-macos-x86_64 0.0.5 254.00 OK
r-release-windows-x86_64 0.0.5 27.00 209.00 236.00 ERROR
r-oldrel-macos-arm64 0.0.5 110.00 OK
r-oldrel-macos-x86_64 0.0.5 272.00 OK
r-oldrel-windows-x86_64 0.0.5 36.00 282.00 318.00 ERROR

Check Details

Version: 0.0.5
Check: tests
Result: ERROR Running ‘testthat.R’ [10s/15s] Running the tests in ‘tests/testthat.R’ failed. Complete output: > # This file is part of the standard setup for testthat. > # It is recommended that you do not modify it. > # > # Where should you do additional test configuration? > # Learn more about the roles of various files in: > # * https://r-pkgs.org/testing-design.html#sec-tests-files-overview > # * https://testthat.r-lib.org/articles/special-files.html > > library(testthat) > library(aws.wrfsmn) > > test_check("aws.wrfsmn") [ FAIL 1 | WARN 0 | SKIP 0 | PASS 3 ] ══ Failed tests ════════════════════════════════════════════════════════════════ ── Error ('test-get_wrf_files.R:2:3'): Length evaluation ─────────────────────── <subscriptOutOfBoundsError/error/condition> Error in `z[["Owner"]][["ID"]]`: subscript out of bounds Backtrace: ▆ 1. ├─testthat::expect_length(...) at test-get_wrf_files.R:2:3 2. │ └─testthat::quasi_label(enquo(object), arg = "object") 3. │ └─rlang::eval_bare(expr, quo_get_env(quo)) 4. └─aws.wrfsmn::get.wrf.files(2024, 1, 1, "00", "01H") 5. └─aws.s3::get_bucket_df(...) 6. ├─base::as.data.frame(r) 7. └─aws.s3:::as.data.frame.s3_bucket(r) 8. └─base::lapply(...) 9. └─aws.s3 (local) FUN(X[[i]], ...) 10. └─base::ifelse(is.null(z[["Owner"]]), NA, z[["Owner"]][["ID"]]) [ FAIL 1 | WARN 0 | SKIP 0 | PASS 3 ] Error: Test failures Execution halted Flavor: r-devel-linux-x86_64-debian-clang

Version: 0.0.5
Check: tests
Result: ERROR Running ‘testthat.R’ [6s/10s] Running the tests in ‘tests/testthat.R’ failed. Complete output: > # This file is part of the standard setup for testthat. > # It is recommended that you do not modify it. > # > # Where should you do additional test configuration? > # Learn more about the roles of various files in: > # * https://r-pkgs.org/testing-design.html#sec-tests-files-overview > # * https://testthat.r-lib.org/articles/special-files.html > > library(testthat) > library(aws.wrfsmn) > > test_check("aws.wrfsmn") [ FAIL 1 | WARN 0 | SKIP 0 | PASS 3 ] ══ Failed tests ════════════════════════════════════════════════════════════════ ── Error ('test-get_wrf_files.R:2:3'): Length evaluation ─────────────────────── <subscriptOutOfBoundsError/error/condition> Error in `z[["Owner"]][["ID"]]`: subscript out of bounds Backtrace: ▆ 1. ├─testthat::expect_length(...) at test-get_wrf_files.R:2:3 2. │ └─testthat::quasi_label(enquo(object), arg = "object") 3. │ └─rlang::eval_bare(expr, quo_get_env(quo)) 4. └─aws.wrfsmn::get.wrf.files(2024, 1, 1, "00", "01H") 5. └─aws.s3::get_bucket_df(...) 6. ├─base::as.data.frame(r) 7. └─aws.s3:::as.data.frame.s3_bucket(r) 8. └─base::lapply(...) 9. └─aws.s3 (local) FUN(X[[i]], ...) 10. └─base::ifelse(is.null(z[["Owner"]]), NA, z[["Owner"]][["ID"]]) [ FAIL 1 | WARN 0 | SKIP 0 | PASS 3 ] Error: Test failures Execution halted Flavor: r-devel-linux-x86_64-debian-gcc

Version: 0.0.5
Check: tests
Result: ERROR Running ‘testthat.R’ [16s/26s] Running the tests in ‘tests/testthat.R’ failed. Complete output: > # This file is part of the standard setup for testthat. > # It is recommended that you do not modify it. > # > # Where should you do additional test configuration? > # Learn more about the roles of various files in: > # * https://r-pkgs.org/testing-design.html#sec-tests-files-overview > # * https://testthat.r-lib.org/articles/special-files.html > > library(testthat) > library(aws.wrfsmn) > > test_check("aws.wrfsmn") [ FAIL 1 | WARN 0 | SKIP 0 | PASS 3 ] ══ Failed tests ════════════════════════════════════════════════════════════════ ── Error ('test-get_wrf_files.R:2:3'): Length evaluation ─────────────────────── <subscriptOutOfBoundsError/error/condition> Error in `z[["Owner"]][["ID"]]`: subscript out of bounds Backtrace: ▆ 1. ├─testthat::expect_length(...) at test-get_wrf_files.R:2:3 2. │ └─testthat::quasi_label(enquo(object), arg = "object") 3. │ └─rlang::eval_bare(expr, quo_get_env(quo)) 4. └─aws.wrfsmn::get.wrf.files(2024, 1, 1, "00", "01H") 5. └─aws.s3::get_bucket_df(...) 6. ├─base::as.data.frame(r) 7. └─aws.s3:::as.data.frame.s3_bucket(r) 8. └─base::lapply(...) 9. └─aws.s3 (local) FUN(X[[i]], ...) 10. └─base::ifelse(is.null(z[["Owner"]]), NA, z[["Owner"]][["ID"]]) [ FAIL 1 | WARN 0 | SKIP 0 | PASS 3 ] Error: Test failures Execution halted Flavor: r-devel-linux-x86_64-fedora-clang

Version: 0.0.5
Check: tests
Result: ERROR Running ‘testthat.R’ [9s/12s] Running the tests in ‘tests/testthat.R’ failed. Complete output: > # This file is part of the standard setup for testthat. > # It is recommended that you do not modify it. > # > # Where should you do additional test configuration? > # Learn more about the roles of various files in: > # * https://r-pkgs.org/testing-design.html#sec-tests-files-overview > # * https://testthat.r-lib.org/articles/special-files.html > > library(testthat) > library(aws.wrfsmn) > > test_check("aws.wrfsmn") [ FAIL 1 | WARN 0 | SKIP 0 | PASS 3 ] ══ Failed tests ════════════════════════════════════════════════════════════════ ── Error ('test-get_wrf_files.R:2:3'): Length evaluation ─────────────────────── <subscriptOutOfBoundsError/error/condition> Error in `z[["Owner"]][["ID"]]`: subscript out of bounds Backtrace: ▆ 1. ├─testthat::expect_length(...) at test-get_wrf_files.R:2:3 2. │ └─testthat::quasi_label(enquo(object), arg = "object") 3. │ └─rlang::eval_bare(expr, quo_get_env(quo)) 4. └─aws.wrfsmn::get.wrf.files(2024, 1, 1, "00", "01H") 5. └─aws.s3::get_bucket_df(...) 6. ├─base::as.data.frame(r) 7. └─aws.s3:::as.data.frame.s3_bucket(r) 8. └─base::lapply(...) 9. └─aws.s3 (local) FUN(X[[i]], ...) 10. └─base::ifelse(is.null(z[["Owner"]]), NA, z[["Owner"]][["ID"]]) [ FAIL 1 | WARN 0 | SKIP 0 | PASS 3 ] Error: Test failures Execution halted Flavor: r-release-linux-x86_64

Version: 0.0.5
Check: tests
Result: ERROR Running 'testthat.R' [7s] Running the tests in 'tests/testthat.R' failed. Complete output: > # This file is part of the standard setup for testthat. > # It is recommended that you do not modify it. > # > # Where should you do additional test configuration? > # Learn more about the roles of various files in: > # * https://r-pkgs.org/testing-design.html#sec-tests-files-overview > # * https://testthat.r-lib.org/articles/special-files.html > > library(testthat) > library(aws.wrfsmn) > > test_check("aws.wrfsmn") [ FAIL 1 | WARN 0 | SKIP 0 | PASS 3 ] ══ Failed tests ════════════════════════════════════════════════════════════════ ── Error ('test-get_wrf_files.R:2:3'): Length evaluation ─────────────────────── <subscriptOutOfBoundsError/error/condition> Error in `z[["Owner"]][["ID"]]`: subscript out of bounds Backtrace: ▆ 1. ├─testthat::expect_length(...) at test-get_wrf_files.R:2:3 2. │ └─testthat::quasi_label(enquo(object), arg = "object") 3. │ └─rlang::eval_bare(expr, quo_get_env(quo)) 4. └─aws.wrfsmn::get.wrf.files(2024, 1, 1, "00", "01H") 5. └─aws.s3::get_bucket_df(...) 6. ├─base::as.data.frame(r) 7. └─aws.s3:::as.data.frame.s3_bucket(r) 8. └─base::lapply(...) 9. └─aws.s3 (local) FUN(X[[i]], ...) 10. └─base::ifelse(is.null(z[["Owner"]]), NA, z[["Owner"]][["ID"]]) [ FAIL 1 | WARN 0 | SKIP 0 | PASS 3 ] Error: Test failures Execution halted Flavor: r-release-windows-x86_64

Version: 0.0.5
Check: tests
Result: ERROR Running 'testthat.R' [12s] Running the tests in 'tests/testthat.R' failed. Complete output: > # This file is part of the standard setup for testthat. > # It is recommended that you do not modify it. > # > # Where should you do additional test configuration? > # Learn more about the roles of various files in: > # * https://r-pkgs.org/testing-design.html#sec-tests-files-overview > # * https://testthat.r-lib.org/articles/special-files.html > > library(testthat) > library(aws.wrfsmn) > > test_check("aws.wrfsmn") [ FAIL 1 | WARN 0 | SKIP 0 | PASS 4 ] ══ Failed tests ════════════════════════════════════════════════════════════════ ── Error ('test-get_wrf_files.R:3:3'): Length evaluation ─────────────────────── <subscriptOutOfBoundsError/error/condition> Error in `z[["Owner"]][["ID"]]`: subscript out of bounds Backtrace: ▆ 1. ├─testthat::expect_length(...) at test-get_wrf_files.R:3:3 2. │ └─testthat::quasi_label(enquo(object), arg = "object") 3. │ └─rlang::eval_bare(expr, quo_get_env(quo)) 4. └─aws.wrfsmn::get.wrf.files(2024, 1, 1, "06", "01H") 5. └─aws.s3::get_bucket_df(...) 6. ├─base::as.data.frame(r) 7. └─aws.s3:::as.data.frame.s3_bucket(r) 8. └─base::lapply(...) 9. └─aws.s3 (local) FUN(X[[i]], ...) 10. └─base::ifelse(is.null(z[["Owner"]]), NA, z[["Owner"]][["ID"]]) [ FAIL 1 | WARN 0 | SKIP 0 | PASS 4 ] Error: Test failures Execution halted Flavor: r-oldrel-windows-x86_64