Last updated on 2025-07-26 06:49:27 CEST.
Flavor | Version | Tinstall | Tcheck | Ttotal | Status | Flags |
---|---|---|---|---|---|---|
r-devel-linux-x86_64-debian-clang | 1.0.1 | 42.05 | 41.53 | 83.58 | OK | |
r-devel-linux-x86_64-debian-gcc | 1.0.1 | 33.85 | 32.36 | 66.21 | OK | |
r-devel-linux-x86_64-fedora-clang | 1.0.1 | 125.95 | OK | |||
r-devel-linux-x86_64-fedora-gcc | 1.0.1 | 121.33 | OK | |||
r-devel-windows-x86_64 | 1.0.1 | 40.00 | 72.00 | 112.00 | OK | |
r-patched-linux-x86_64 | 1.0.1 | 41.70 | 38.91 | 80.61 | OK | |
r-release-linux-x86_64 | 1.0.1 | 37.26 | 38.87 | 76.13 | OK | |
r-release-macos-arm64 | 1.0.1 | 74.00 | OK | |||
r-release-macos-x86_64 | 1.0.1 | 93.00 | OK | |||
r-release-windows-x86_64 | 1.0.1 | 43.00 | 76.00 | 119.00 | OK | |
r-oldrel-macos-arm64 | 1.0.1 | 53.00 | NOTE | |||
r-oldrel-macos-x86_64 | 1.0.1 | 71.00 | NOTE | |||
r-oldrel-windows-x86_64 | 1.0.1 | 52.00 | 69.00 | 121.00 | NOTE |
Version: 1.0.1
Check: installed package size
Result: NOTE
installed size is 6.3Mb
sub-directories of 1Mb or more:
data 6.2Mb
Flavors: r-oldrel-macos-arm64, r-oldrel-macos-x86_64, r-oldrel-windows-x86_64