Last updated on 2025-11-24 17:49:52 CET.
| Flavor | Version | Tinstall | Tcheck | Ttotal | Status | Flags |
|---|---|---|---|---|---|---|
| r-devel-linux-x86_64-debian-clang | 0.5.0 | 60.79 | 460.57 | 521.36 | OK | |
| r-devel-linux-x86_64-debian-gcc | 0.5.0 | 42.24 | 288.98 | 331.22 | OK | |
| r-devel-linux-x86_64-fedora-clang | 0.5.0 | 151.00 | 691.27 | 842.27 | NOTE | |
| r-devel-linux-x86_64-fedora-gcc | 0.5.0 | 135.00 | 704.64 | 839.64 | NOTE | |
| r-devel-windows-x86_64 | 0.5.0 | 68.00 | 436.00 | 504.00 | OK | |
| r-patched-linux-x86_64 | 0.5.0 | 60.94 | 441.49 | 502.43 | OK | |
| r-release-linux-x86_64 | 0.5.0 | 61.64 | 440.77 | 502.41 | OK | |
| r-release-macos-arm64 | 0.5.0 | OK | ||||
| r-release-macos-x86_64 | 0.5.0 | 51.00 | 718.00 | 769.00 | OK | |
| r-release-windows-x86_64 | 0.5.0 | 62.00 | 430.00 | 492.00 | OK | |
| r-oldrel-macos-arm64 | 0.5.0 | OK | ||||
| r-oldrel-macos-x86_64 | 0.5.0 | 70.00 | 641.00 | 711.00 | OK | |
| r-oldrel-windows-x86_64 | 0.5.0 | 81.00 | 586.00 | 667.00 | OK |
Version: 0.5.0
Check: dependencies in R code
Result: NOTE
Namespaces in Imports field not imported from:
‘crosstalk’ ‘plotly’
All declared Imports should be used.
Flavors: r-devel-linux-x86_64-fedora-clang, r-devel-linux-x86_64-fedora-gcc