Last updated on 2025-11-19 17:48:33 CET.
| Flavor | Version | Tinstall | Tcheck | Ttotal | Status | Flags |
|---|---|---|---|---|---|---|
| r-devel-linux-x86_64-debian-clang | 2.2.1 | 148.08 | 434.51 | 582.59 | OK | |
| r-devel-linux-x86_64-debian-gcc | 2.2.1 | 92.46 | 138.02 | 230.48 | OK | |
| r-devel-linux-x86_64-fedora-clang | 2.2.1 | 342.00 | 461.18 | 803.18 | OK | |
| r-devel-linux-x86_64-fedora-gcc | 2.2.1 | 255.00 | 310.75 | 565.75 | OK | |
| r-devel-windows-x86_64 | 2.2.1 | 193.00 | 229.00 | 422.00 | OK | |
| r-patched-linux-x86_64 | 2.2.1 | 141.56 | 185.21 | 326.77 | OK | |
| r-release-linux-x86_64 | 2.2.1 | 143.99 | 185.45 | 329.44 | OK | |
| r-release-macos-arm64 | 2.2.1 | OK | ||||
| r-release-macos-x86_64 | 2.2.1 | 57.00 | 263.00 | 320.00 | OK | |
| r-release-windows-x86_64 | 2.2.1 | 177.00 | 228.00 | 405.00 | OK | |
| r-oldrel-macos-arm64 | 2.2.1 | NOTE | ||||
| r-oldrel-macos-x86_64 | 2.2.1 | 43.00 | 164.00 | 207.00 | NOTE | |
| r-oldrel-windows-x86_64 | 2.2.1 | 206.00 | 272.00 | 478.00 | OK |
Version: 2.2.1
Check: installed package size
Result: NOTE
installed size is 7.2Mb
sub-directories of 1Mb or more:
libs 6.8Mb
Flavors: r-oldrel-macos-arm64, r-oldrel-macos-x86_64