CRAN Package Check Results for Package batteryreduction

Last updated on 2025-06-30 18:49:36 CEST.

Flavor Version Tinstall Tcheck Ttotal Status Flags
r-devel-linux-x86_64-debian-clang 0.1.1 1.62 17.35 18.97 NOTE
r-devel-linux-x86_64-debian-gcc 0.1.1 1.35 14.44 15.79 NOTE
r-devel-linux-x86_64-fedora-clang 0.1.1 29.14 OK
r-devel-linux-x86_64-fedora-gcc 0.1.1 27.64 OK
r-devel-windows-x86_64 0.1.1 3.00 38.00 41.00 OK
r-patched-linux-x86_64 OK
r-release-linux-x86_64 0.1.1 1.56 16.16 17.72 OK
r-release-macos-arm64 0.1.1 14.00 OK
r-release-macos-x86_64 0.1.1 21.00 OK
r-release-windows-x86_64 0.1.1 3.00 38.00 41.00 OK
r-oldrel-macos-arm64 0.1.1 17.00 OK
r-oldrel-macos-x86_64 0.1.1 19.00 OK
r-oldrel-windows-x86_64 0.1.1 3.00 41.00 44.00 OK

Check Details

Version: 0.1.1
Check: CRAN incoming feasibility
Result: NOTE Maintainer: ‘Chunqiao Luo <chunqiaoluo@gmail.com>’ Package CITATION file contains call(s) to old-style citEntry(). Please use bibentry() instead. Flavors: r-devel-linux-x86_64-debian-clang, r-devel-linux-x86_64-debian-gcc