Last updated on 2025-11-03 17:49:43 CET.
| Flavor | Version | Tinstall | Tcheck | Ttotal | Status | Flags |
|---|---|---|---|---|---|---|
| r-devel-linux-x86_64-debian-clang | 0.7-0 | 55.49 | 70.52 | 126.01 | OK | |
| r-devel-linux-x86_64-debian-gcc | 0.7-0 | 37.36 | 49.47 | 86.83 | OK | |
| r-devel-linux-x86_64-fedora-clang | 0.7-0 | 98.00 | 117.50 | 215.50 | OK | |
| r-devel-linux-x86_64-fedora-gcc | 0.7-0 | 127.00 | 101.72 | 228.72 | OK | |
| r-devel-windows-x86_64 | 0.7-0 | 64.00 | 111.00 | 175.00 | OK | |
| r-patched-linux-x86_64 | 0.7-0 | 59.76 | 69.88 | 129.64 | OK | |
| r-release-linux-x86_64 | 0.7-0 | 56.38 | 66.35 | 122.73 | OK | |
| r-release-macos-arm64 | 0.7-0 | 25.00 | 45.00 | 70.00 | OK | |
| r-release-macos-x86_64 | 0.7-0 | 31.00 | 175.00 | 206.00 | OK | |
| r-release-windows-x86_64 | 0.7-0 | 62.00 | 109.00 | 171.00 | OK | |
| r-oldrel-macos-arm64 | 0.7-0 | 24.00 | 106.00 | 130.00 | NOTE | |
| r-oldrel-macos-x86_64 | 0.7-0 | 51.00 | 118.00 | 169.00 | NOTE | |
| r-oldrel-windows-x86_64 | 0.7-0 | 76.00 | 136.00 | 212.00 | OK |
Version: 0.7-0
Check: installed package size
Result: NOTE
installed size is 7.6Mb
sub-directories of 1Mb or more:
data 2.7Mb
libs 4.5Mb
Flavors: r-oldrel-macos-arm64, r-oldrel-macos-x86_64