Last updated on 2024-03-18 17:53:58 CET.
Flavor | Version | Tinstall | Tcheck | Ttotal | Status | Flags |
---|---|---|---|---|---|---|
r-devel-linux-x86_64-debian-clang | 5.2-0 | 14.40 | 97.49 | 111.89 | NOTE | |
r-devel-linux-x86_64-debian-gcc | 5.2-0 | 11.13 | 71.89 | 83.02 | NOTE | |
r-devel-linux-x86_64-fedora-clang | 5.2-0 | 138.14 | NOTE | |||
r-devel-linux-x86_64-fedora-gcc | 5.2-0 | 131.95 | NOTE | |||
r-devel-windows-x86_64 | 5.2-0 | 16.00 | 103.00 | 119.00 | NOTE | |
r-patched-linux-x86_64 | 5.2-0 | 11.19 | 94.90 | 106.09 | OK | |
r-release-linux-x86_64 | 5.2-0 | 11.82 | 95.32 | 107.14 | OK | |
r-release-macos-arm64 | 5.2-0 | 43.00 | OK | |||
r-release-macos-x86_64 | 5.2-0 | 107.00 | OK | |||
r-release-windows-x86_64 | 5.2-0 | 19.00 | 120.00 | 139.00 | OK | |
r-oldrel-macos-arm64 | 5.2-0 | 45.00 | OK | |||
r-oldrel-windows-x86_64 | 5.2-0 | 21.00 | 119.00 | 140.00 | OK |
Version: 5.2-0
Check: Rd files
Result: NOTE
checkRd: (-1) convert.trajectories.Rd:21: Lost braces in \itemize; meant \describe ?
checkRd: (-1) convert.trajectories.Rd:22: Lost braces in \itemize; meant \describe ?
checkRd: (-1) convert.trajectories.Rd:23: Lost braces in \itemize; meant \describe ?
checkRd: (-1) convert.trajectories.Rd:24: Lost braces in \itemize; meant \describe ?
checkRd: (-1) convert.trajectories.Rd:25: Lost braces in \itemize; meant \describe ?
checkRd: (-1) write.projection.summary.Rd:21: Lost braces in \itemize; meant \describe ?
checkRd: (-1) write.projection.summary.Rd:22: Lost braces in \itemize; meant \describe ?
checkRd: (-1) write.projection.summary.Rd:23: Lost braces in \itemize; meant \describe ?
checkRd: (-1) write.projection.summary.Rd:24: Lost braces in \itemize; meant \describe ?
checkRd: (-1) write.projection.summary.Rd:25: Lost braces in \itemize; meant \describe ?
checkRd: (-1) write.projection.summary.Rd:26: Lost braces in \itemize; meant \describe ?
checkRd: (-1) write.projection.summary.Rd:30: Lost braces in \itemize; meant \describe ?
checkRd: (-1) write.projection.summary.Rd:31: Lost braces in \itemize; meant \describe ?
checkRd: (-1) write.projection.summary.Rd:32: Lost braces in \itemize; meant \describe ?
checkRd: (-1) write.projection.summary.Rd:33: Lost braces in \itemize; meant \describe ?
checkRd: (-1) write.projection.summary.Rd:34: Lost braces in \itemize; meant \describe ?
Flavors: r-devel-linux-x86_64-debian-clang, r-devel-linux-x86_64-debian-gcc, r-devel-linux-x86_64-fedora-clang, r-devel-linux-x86_64-fedora-gcc, r-devel-windows-x86_64