Last updated on 2024-05-21 18:49:07 CEST.
Flavor | Version | Tinstall | Tcheck | Ttotal | Status | Flags |
---|---|---|---|---|---|---|
r-devel-linux-x86_64-debian-clang | 0.1.0 | 3.14 | 40.61 | 43.75 | NOTE | |
r-devel-linux-x86_64-debian-gcc | 0.1.0 | 2.10 | 29.14 | 31.24 | NOTE | |
r-devel-linux-x86_64-fedora-clang | 0.1.0 | 57.59 | NOTE | |||
r-devel-linux-x86_64-fedora-gcc | 0.1.0 | 49.65 | NOTE | |||
r-devel-windows-x86_64 | 0.1.0 | 3.00 | 60.00 | 63.00 | NOTE | |
r-patched-linux-x86_64 | 0.1.0 | 3.27 | 38.01 | 41.28 | NOTE | |
r-release-linux-x86_64 | 0.1.0 | 1.90 | 39.81 | 41.71 | NOTE | |
r-release-macos-arm64 | 0.1.0 | 19.00 | NOTE | |||
r-release-windows-x86_64 | 0.1.0 | 3.00 | 56.00 | 59.00 | NOTE | |
r-oldrel-macos-arm64 | 0.1.0 | 23.00 | NOTE | |||
r-oldrel-macos-x86_64 | 0.1.0 | 32.00 | NOTE | |||
r-oldrel-windows-x86_64 | 0.1.0 | 4.00 | 66.00 | 70.00 | NOTE |
Version: 0.1.0
Check: package subdirectories
Result: NOTE
Problems with news in ‘NEWS.md’:
No news entries found.
Flavors: r-devel-linux-x86_64-debian-clang, r-devel-linux-x86_64-debian-gcc, r-devel-linux-x86_64-fedora-clang, r-devel-linux-x86_64-fedora-gcc, r-devel-windows-x86_64, r-patched-linux-x86_64, r-release-linux-x86_64, r-release-macos-arm64, r-release-windows-x86_64, r-oldrel-macos-arm64, r-oldrel-macos-x86_64, r-oldrel-windows-x86_64
Version: 0.1.0
Check: LazyData
Result: NOTE
'LazyData' is specified without a 'data' directory
Flavors: r-devel-linux-x86_64-debian-clang, r-devel-linux-x86_64-debian-gcc, r-devel-linux-x86_64-fedora-clang, r-devel-linux-x86_64-fedora-gcc, r-devel-windows-x86_64, r-patched-linux-x86_64, r-release-linux-x86_64, r-release-macos-arm64, r-release-windows-x86_64, r-oldrel-macos-arm64, r-oldrel-macos-x86_64, r-oldrel-windows-x86_64