CRAN Package Check Results for Package bayesmeta

Last updated on 2025-07-18 18:51:09 CEST.

Flavor Version Tinstall Tcheck Ttotal Status Flags
r-devel-linux-x86_64-debian-clang 3.4 15.49 136.10 151.59 NOTE
r-devel-linux-x86_64-debian-gcc 3.4 10.42 95.16 105.58 NOTE
r-devel-linux-x86_64-fedora-clang 3.4 242.54 OK
r-devel-linux-x86_64-fedora-gcc 3.4 245.86 OK
r-devel-windows-x86_64 3.4 16.00 148.00 164.00 NOTE
r-patched-linux-x86_64 3.4 16.23 130.62 146.85 NOTE
r-release-linux-x86_64 3.4 15.59 131.25 146.84 NOTE
r-release-macos-arm64 3.4 77.00 OK
r-release-macos-x86_64 3.4 157.00 OK
r-release-windows-x86_64 3.4 17.00 148.00 165.00 NOTE
r-oldrel-macos-arm64 3.4 65.00 OK
r-oldrel-macos-x86_64 3.4 105.00 OK
r-oldrel-windows-x86_64 3.4 21.00 194.00 215.00 OK

Check Details

Version: 3.4
Check: Rd cross-references
Result: NOTE Found the following Rd file(s) with Rd \link{} targets missing package anchors: convolve.Rd: funnel Please provide package anchors for all Rd \link{} targets not in the package itself and the base packages. Flavors: r-devel-linux-x86_64-debian-clang, r-devel-linux-x86_64-debian-gcc, r-devel-windows-x86_64, r-patched-linux-x86_64, r-release-linux-x86_64, r-release-windows-x86_64