Last updated on 2025-11-23 05:50:10 CET.
| Flavor | Version | Tinstall | Tcheck | Ttotal | Status | Flags |
|---|---|---|---|---|---|---|
| r-devel-linux-x86_64-debian-clang | 0.5.4 | 7.54 | 66.42 | 73.96 | OK | |
| r-devel-linux-x86_64-debian-gcc | 0.5.4 | 5.29 | 47.35 | 52.64 | OK | |
| r-devel-linux-x86_64-fedora-clang | 0.5.4 | 20.00 | 98.62 | 118.62 | NOTE | |
| r-devel-windows-x86_64 | 0.5.4 | 13.00 | 73.00 | 86.00 | OK | |
| r-patched-linux-x86_64 | 0.5.4 | 8.07 | 61.95 | 70.02 | OK | |
| r-release-linux-x86_64 | 0.5.4 | 7.77 | 60.29 | 68.06 | OK | |
| r-release-macos-arm64 | 0.5.4 | OK | ||||
| r-release-macos-x86_64 | 0.5.4 | 7.00 | 41.00 | 48.00 | OK | |
| r-release-windows-x86_64 | 0.5.4 | 10.00 | 71.00 | 81.00 | OK | |
| r-oldrel-macos-arm64 | 0.5.4 | NOTE | ||||
| r-oldrel-macos-x86_64 | 0.5.4 | 6.00 | 36.00 | 42.00 | NOTE | |
| r-oldrel-windows-x86_64 | 0.5.4 | 13.00 | 89.00 | 102.00 | NOTE |
Version: 0.5.4
Check: dependencies in R code
Result: NOTE
Namespaces in Imports field not imported from:
‘knitr’ ‘rlang’
All declared Imports should be used.
Flavor: r-devel-linux-x86_64-fedora-clang
Version: 0.5.4
Check: package dependencies
Result: NOTE
Package suggested but not available for checking: ‘BRugs’
Flavors: r-oldrel-macos-arm64, r-oldrel-macos-x86_64, r-oldrel-windows-x86_64