Last updated on 2018-04-25 18:46:28 CEST.
Flavor | Version | Tinstall | Tcheck | Ttotal | Status | Flags |
---|---|---|---|---|---|---|
r-devel-linux-x86_64-debian-clang | 0.4.7 | 3.48 | 40.89 | 44.37 | OK | |
r-devel-linux-x86_64-debian-gcc | 0.4.7 | 2.74 | 31.91 | 34.65 | OK | |
r-devel-linux-x86_64-fedora-clang | 0.4.7 | 54.03 | OK | |||
r-devel-linux-x86_64-fedora-gcc | 0.4.7 | 52.38 | OK | |||
r-devel-windows-ix86+x86_64 | 0.4.7 | 11.00 | 50.00 | 61.00 | OK | |
r-patched-linux-x86_64 | 0.4.7 | 3.76 | 39.44 | 43.20 | OK | |
r-patched-solaris-x86 | 0.4.7 | 72.50 | NOTE | |||
r-release-linux-x86_64 | 0.4.7 | 3.65 | 39.98 | 43.63 | OK | |
r-release-windows-ix86+x86_64 | 0.4.7 | 11.00 | 50.00 | 61.00 | OK | |
r-release-osx-x86_64 | 0.4.7 | NOTE | ||||
r-oldrel-windows-ix86+x86_64 | 0.4.7 | 6.00 | 86.00 | 92.00 | OK | |
r-oldrel-osx-x86_64 | 0.4.7 | NOTE |
Version: 0.4.7
Check: package dependencies
Result: NOTE
Package suggested but not available for checking: ‘BRugs’
Flavors: r-patched-solaris-x86, r-release-osx-x86_64, r-oldrel-osx-x86_64