Last updated on 2025-06-30 18:49:36 CEST.
Flavor | Version | Tinstall | Tcheck | Ttotal | Status | Flags |
---|---|---|---|---|---|---|
r-devel-linux-x86_64-debian-clang | 2.0.4 | 42.85 | 75.29 | 118.14 | OK | |
r-devel-linux-x86_64-debian-gcc | 2.0.4 | 30.34 | 55.03 | 85.37 | OK | |
r-devel-linux-x86_64-fedora-clang | 2.0.4 | 186.37 | OK | |||
r-devel-linux-x86_64-fedora-gcc | 2.0.4 | 187.54 | OK | |||
r-devel-windows-x86_64 | 2.0.4 | 52.00 | 105.00 | 157.00 | OK | |
r-patched-linux-x86_64 | OK | |||||
r-release-linux-x86_64 | 2.0.4 | 41.94 | 70.53 | 112.47 | OK | |
r-release-macos-arm64 | 2.0.4 | 55.00 | OK | |||
r-release-macos-x86_64 | 2.0.4 | 132.00 | OK | |||
r-release-windows-x86_64 | 2.0.4 | 50.00 | 100.00 | 150.00 | OK | |
r-oldrel-macos-arm64 | 2.0.4 | 54.00 | OK | |||
r-oldrel-macos-x86_64 | 2.0.4 | 146.00 | NOTE | |||
r-oldrel-windows-x86_64 | 2.0.4 | 65.00 | 128.00 | 193.00 | OK |
Version: 2.0.4
Check: installed package size
Result: NOTE
installed size is 5.0Mb
sub-directories of 1Mb or more:
libs 4.4Mb
Flavor: r-oldrel-macos-x86_64