Last updated on 2025-05-18 06:49:09 CEST.
Flavor | Version | Tinstall | Tcheck | Ttotal | Status | Flags |
---|---|---|---|---|---|---|
r-devel-linux-x86_64-debian-clang | 0.37.3 | 8.65 | 70.83 | 79.48 | NOTE | |
r-devel-linux-x86_64-debian-gcc | 0.37.3 | 6.37 | 49.84 | 56.21 | NOTE | |
r-devel-linux-x86_64-fedora-clang | 0.37.3 | 122.96 | OK | |||
r-devel-linux-x86_64-fedora-gcc | 0.37.3 | 118.50 | OK | |||
r-devel-windows-x86_64 | 0.37.3 | 9.00 | 91.00 | 100.00 | OK | |
r-patched-linux-x86_64 | 0.37.3 | 8.73 | 67.07 | 75.80 | OK | |
r-release-linux-x86_64 | 0.37.3 | 7.35 | 67.28 | 74.63 | OK | |
r-release-macos-arm64 | 0.37.3 | 41.00 | OK | |||
r-release-macos-x86_64 | 0.37.3 | 81.00 | OK | |||
r-release-windows-x86_64 | 0.37.3 | 10.00 | 98.00 | 108.00 | OK | |
r-oldrel-macos-arm64 | 0.37.3 | 37.00 | OK | |||
r-oldrel-macos-x86_64 | 0.37.3 | 60.00 | OK | |||
r-oldrel-windows-x86_64 | 0.37.3 | 12.00 | 108.00 | 120.00 | OK |
Version: 0.37.3
Check: CRAN incoming feasibility
Result: NOTE
Maintainer: ‘Yuanhao Lai <ylai72@uwo.ca>’
No Authors@R field in DESCRIPTION.
Please add one, modifying
Authors@R: c(person(given = "A.I.",
family = "McLeod",
role = "aut"),
person(given = "Changjiang",
family = "Xu",
role = "aut"),
person(given = "Yuanhao",
family = "Lai",
role = c("aut", "cre"),
email = "ylai72@uwo.ca"))
as necessary.
Flavors: r-devel-linux-x86_64-debian-clang, r-devel-linux-x86_64-debian-gcc