CRAN Package Check Results for Package bhm

Last updated on 2025-07-21 06:49:21 CEST.

Flavor Version Tinstall Tcheck Ttotal Status Flags
r-devel-linux-x86_64-debian-clang 1.19 13.59 94.20 107.79 OK
r-devel-linux-x86_64-debian-gcc 1.19 8.71 66.22 74.93 OK
r-devel-linux-x86_64-fedora-clang 1.19 164.09 OK
r-devel-linux-x86_64-fedora-gcc 1.19 156.35 OK
r-devel-windows-x86_64 1.19 14.00 99.00 113.00 OK
r-patched-linux-x86_64 1.19 13.21 88.48 101.69 OK
r-release-linux-x86_64 1.19 12.88 88.11 100.99 OK
r-release-macos-arm64 1.19 45.00 OK
r-release-macos-x86_64 1.19 85.00 OK
r-release-windows-x86_64 1.19 14.00 97.00 111.00 OK
r-oldrel-macos-arm64 1.19 47.00 NOTE
r-oldrel-macos-x86_64 1.19 99.00 NOTE
r-oldrel-windows-x86_64 1.19 20.00 122.00 142.00 NOTE

Check Details

Version: 1.19
Check: package dependencies
Result: NOTE Depends: includes the non-default packages: 'coda', 'ggplot2', 'gridExtra', 'lpl', 'MASS', 'survival' Adding so many packages to the search path is excessive and importing selectively is preferable. Flavors: r-oldrel-macos-arm64, r-oldrel-macos-x86_64, r-oldrel-windows-x86_64