Last updated on 2024-04-19 19:50:08 CEST.
Flavor | Version | Tinstall | Tcheck | Ttotal | Status | Flags |
---|---|---|---|---|---|---|
r-devel-linux-x86_64-debian-clang | 1.1.1 | 5.06 | 59.02 | 64.08 | NOTE | |
r-devel-linux-x86_64-debian-gcc | 1.1.1 | NOTE | ||||
r-devel-linux-x86_64-fedora-clang | 1.1.1 | 82.46 | NOTE | |||
r-devel-linux-x86_64-fedora-gcc | 1.1.1 | 89.18 | NOTE | |||
r-prerel-macos-arm64 | 1.1.1 | 37.00 | NOTE | |||
r-prerel-windows-x86_64 | 1.1.1 | 6.00 | 60.00 | 66.00 | NOTE | |
r-patched-linux-x86_64 | 1.1.1 | 5.63 | 56.15 | 61.78 | NOTE | |
r-release-linux-x86_64 | 1.1.1 | 6.15 | 54.45 | 60.60 | NOTE | |
r-release-macos-arm64 | 1.1.1 | 40.00 | NOTE | |||
r-release-macos-x86_64 | 1.1.1 | 56.00 | NOTE | |||
r-release-windows-x86_64 | 1.1.1 | 8.00 | 67.00 | 75.00 | NOTE | |
r-oldrel-macos-arm64 | 1.1.1 | 34.00 | NOTE | |||
r-oldrel-windows-x86_64 | 1.1.1 | 7.00 | 74.00 | 81.00 | NOTE |
Version: 1.1.1
Check: LazyData
Result: NOTE
'LazyData' is specified without a 'data' directory
Flavors: r-devel-linux-x86_64-debian-clang, r-devel-linux-x86_64-debian-gcc, r-devel-linux-x86_64-fedora-clang, r-devel-linux-x86_64-fedora-gcc, r-prerel-macos-arm64, r-prerel-windows-x86_64, r-patched-linux-x86_64, r-release-linux-x86_64, r-release-macos-arm64, r-release-macos-x86_64, r-release-windows-x86_64, r-oldrel-macos-arm64, r-oldrel-windows-x86_64