Last updated on 2024-07-03 18:57:32 CEST.
Flavor | Version | Tinstall | Tcheck | Ttotal | Status | Flags |
---|---|---|---|---|---|---|
r-devel-linux-x86_64-debian-clang | 0.0.1 | 42.03 | 35.85 | 77.88 | OK | |
r-devel-linux-x86_64-debian-gcc | 0.0.1 | 29.18 | 27.92 | 57.10 | OK | |
r-devel-linux-x86_64-fedora-clang | 0.0.1 | 113.16 | NOTE | |||
r-devel-linux-x86_64-fedora-gcc | 0.0.1 | 114.09 | NOTE | |||
r-devel-windows-x86_64 | 0.0.1 | 36.00 | 67.00 | 103.00 | OK | |
r-patched-linux-x86_64 | 0.0.1 | 42.06 | 35.73 | 77.79 | OK | |
r-release-linux-x86_64 | 0.0.1 | 40.38 | 35.46 | 75.84 | OK | |
r-release-macos-arm64 | 0.0.1 | 31.00 | OK | |||
r-release-macos-x86_64 | 0.0.1 | 36.00 | OK | |||
r-release-windows-x86_64 | 0.0.1 | 35.00 | 63.00 | 98.00 | OK | |
r-oldrel-macos-arm64 | 0.0.1 | 35.00 | OK | |||
r-oldrel-macos-x86_64 | 0.0.1 | 50.00 | OK | |||
r-oldrel-windows-x86_64 | 0.0.1 | 43.00 | 75.00 | 118.00 | OK |
Version: 0.0.1
Check: dependencies in R code
Result: NOTE
Namespace in Imports field not imported from: ‘survival’
All declared Imports should be used.
Flavors: r-devel-linux-x86_64-fedora-clang, r-devel-linux-x86_64-fedora-gcc