Last updated on 2024-03-28 06:01:19 CET.
Flavor | Version | Tinstall | Tcheck | Ttotal | Status | Flags |
---|---|---|---|---|---|---|
r-devel-linux-x86_64-debian-clang | 1.5.2 | 110.53 | 109.25 | 219.78 | NOTE | |
r-devel-linux-x86_64-debian-gcc | 1.5.2 | 95.01 | 88.10 | 183.11 | NOTE | |
r-devel-linux-x86_64-fedora-clang | 1.5.2 | 314.99 | NOTE | |||
r-devel-linux-x86_64-fedora-gcc | 1.5.2 | 343.98 | NOTE | |||
r-devel-windows-x86_64 | 1.5.2 | 94.00 | 157.00 | 251.00 | NOTE | |
r-patched-linux-x86_64 | 1.5.2 | 112.59 | 111.08 | 223.67 | NOTE | |
r-release-linux-x86_64 | 1.5.2 | 118.83 | 111.77 | 230.60 | NOTE | |
r-release-macos-arm64 | 1.5.2 | 101.00 | NOTE | |||
r-release-macos-x86_64 | 1.5.2 | 160.00 | NOTE | |||
r-release-windows-x86_64 | 1.5.2 | 121.00 | 185.00 | 306.00 | NOTE | |
r-oldrel-macos-arm64 | 1.5.2 | 82.00 | NOTE | |||
r-oldrel-windows-x86_64 | 1.5.2 | 116.00 | 180.00 | 296.00 | OK |
Version: 1.5.2
Check: C++ specification
Result: NOTE
Specified C++11: please drop specification unless essential
Flavors: r-devel-linux-x86_64-debian-clang, r-devel-linux-x86_64-debian-gcc, r-devel-linux-x86_64-fedora-clang, r-devel-linux-x86_64-fedora-gcc, r-devel-windows-x86_64, r-patched-linux-x86_64, r-release-linux-x86_64, r-release-macos-arm64, r-release-macos-x86_64, r-release-windows-x86_64
Version: 1.5.2
Check: installed package size
Result: NOTE
installed size is 5.3Mb
sub-directories of 1Mb or more:
libs 4.3Mb
Flavors: r-release-macos-arm64, r-release-macos-x86_64, r-oldrel-macos-arm64