CRAN Package Check Results for Package bignum

Last updated on 2025-04-16 18:50:01 CEST.

Flavor Version Tinstall Tcheck Ttotal Status Flags
r-devel-linux-x86_64-debian-clang 0.3.2 70.98 49.11 120.09 OK
r-devel-linux-x86_64-debian-gcc 0.3.2 59.03 36.50 95.53 OK
r-devel-linux-x86_64-fedora-clang 0.3.2 211.54 OK
r-devel-linux-x86_64-fedora-gcc 0.3.2 253.22 OK
r-devel-windows-x86_64 0.3.2 92.00 89.00 181.00 OK
r-patched-linux-x86_64 0.3.2 84.68 47.13 131.81 OK
r-release-linux-x86_64 0.3.2 85.09 47.03 132.12 OK
r-release-macos-arm64 0.3.2 72.00 OK
r-release-macos-x86_64 0.3.2 122.00 OK
r-release-windows-x86_64 0.3.2 92.00 97.00 189.00 OK
r-oldrel-macos-arm64 0.3.2 60.00 NOTE
r-oldrel-macos-x86_64 0.3.2 83.00 NOTE
r-oldrel-windows-x86_64 0.3.2 102.00 108.00 210.00 OK

Check Details

Version: 0.3.2
Check: installed package size
Result: NOTE installed size is 9.0Mb sub-directories of 1Mb or more: libs 8.7Mb Flavors: r-oldrel-macos-arm64, r-oldrel-macos-x86_64