Last updated on 2024-04-25 06:54:10 CEST.
Flavor | Version | Tinstall | Tcheck | Ttotal | Status | Flags |
---|---|---|---|---|---|---|
r-devel-linux-x86_64-debian-clang | 1.5.1 | 19.25 | 97.35 | 116.60 | NOTE | |
r-devel-linux-x86_64-debian-gcc | 1.5.1 | 18.55 | 69.90 | 88.45 | NOTE | |
r-devel-linux-x86_64-fedora-clang | 1.5.1 | 149.28 | NOTE | |||
r-devel-linux-x86_64-fedora-gcc | 1.5.1 | 141.55 | NOTE | |||
r-devel-windows-x86_64 | 1.5.1 | 22.00 | 100.00 | 122.00 | OK | |
r-patched-linux-x86_64 | 1.5.1 | 27.15 | 89.76 | 116.91 | OK | |
r-release-linux-x86_64 | 1.5.1 | 24.20 | 92.18 | 116.38 | OK | |
r-release-macos-arm64 | 1.5.1 | 39.00 | OK | |||
r-release-macos-x86_64 | 1.5.1 | 108.00 | OK | |||
r-release-windows-x86_64 | 1.5.1 | 22.00 | 104.00 | 126.00 | OK | |
r-oldrel-macos-arm64 | 1.5.1 | 46.00 | OK | |||
r-oldrel-macos-x86_64 | 1.5.1 | 96.00 | OK | |||
r-oldrel-windows-x86_64 | 1.5.1 | 26.00 | 119.00 | 145.00 | OK |
Version: 1.5.1
Check: compiled code
Result: NOTE
File ‘bigrquery/libs/bigrquery.so’:
Found non-API calls to R: ‘SETLENGTH’, ‘SET_TRUELENGTH’
Compiled code should not call non-API entry points in R.
See ‘Writing portable packages’ in the ‘Writing R Extensions’ manual.
Flavors: r-devel-linux-x86_64-debian-clang, r-devel-linux-x86_64-debian-gcc, r-devel-linux-x86_64-fedora-clang, r-devel-linux-x86_64-fedora-gcc