Last updated on 2024-03-28 17:49:22 CET.
Flavor | Version | Tinstall | Tcheck | Ttotal | Status | Flags |
---|---|---|---|---|---|---|
r-devel-linux-x86_64-debian-clang | 0.1.0 | 4.03 | 22.59 | 26.62 | OK | |
r-devel-linux-x86_64-debian-gcc | 0.1.0 | 2.48 | 18.19 | 20.67 | OK | |
r-devel-linux-x86_64-fedora-clang | 0.1.0 | 34.06 | NOTE | |||
r-devel-linux-x86_64-fedora-gcc | 0.1.0 | 33.17 | NOTE | |||
r-devel-windows-x86_64 | 0.1.0 | 5.00 | 40.00 | 45.00 | OK | |
r-patched-linux-x86_64 | 0.1.0 | 4.12 | 22.96 | 27.08 | OK | |
r-release-linux-x86_64 | 0.1.0 | 3.26 | 22.61 | 25.87 | OK | |
r-release-macos-arm64 | 0.1.0 | 20.00 | OK | |||
r-release-macos-x86_64 | 0.1.0 | 23.00 | OK | |||
r-release-windows-x86_64 | 0.1.0 | 6.00 | 41.00 | 47.00 | OK | |
r-oldrel-macos-arm64 | 0.1.0 | 17.00 | NOTE | |||
r-oldrel-windows-x86_64 | 0.1.0 | 7.00 | 44.00 | 51.00 | OK |
Version: 0.1.0
Check: dependencies in R code
Result: NOTE
Namespace in Imports field not imported from: ‘tibble’
All declared Imports should be used.
Flavors: r-devel-linux-x86_64-fedora-clang, r-devel-linux-x86_64-fedora-gcc, r-oldrel-macos-arm64
Version: 0.1.0
Check: data for non-ASCII characters
Result: NOTE
Note: found 660 marked UTF-8 strings
Flavors: r-devel-linux-x86_64-fedora-clang, r-devel-linux-x86_64-fedora-gcc, r-oldrel-macos-arm64