Last updated on 2025-07-27 06:49:22 CEST.
Flavor | Version | Tinstall | Tcheck | Ttotal | Status | Flags |
---|---|---|---|---|---|---|
r-devel-linux-x86_64-debian-clang | 0.2.2 | 2.73 | 30.19 | 32.92 | NOTE | |
r-devel-linux-x86_64-debian-gcc | 0.2.2 | 2.03 | 23.22 | 25.25 | NOTE | |
r-devel-linux-x86_64-fedora-clang | 0.2.2 | 51.14 | OK | |||
r-devel-linux-x86_64-fedora-gcc | 0.2.2 | 49.47 | OK | |||
r-devel-windows-x86_64 | 0.2.2 | 4.00 | 67.00 | 71.00 | OK | |
r-patched-linux-x86_64 | 0.2.2 | 3.22 | 28.68 | 31.90 | OK | |
r-release-linux-x86_64 | 0.2.2 | 2.61 | 28.59 | 31.20 | OK | |
r-release-macos-arm64 | 0.2.2 | 21.00 | OK | |||
r-release-macos-x86_64 | 0.2.2 | 49.00 | OK | |||
r-release-windows-x86_64 | 0.2.2 | 4.00 | 50.00 | 54.00 | OK | |
r-oldrel-macos-arm64 | 0.2.2 | 24.00 | OK | |||
r-oldrel-macos-x86_64 | 0.2.2 | 30.00 | OK | |||
r-oldrel-windows-x86_64 | 0.2.2 | 4.00 | 58.00 | 62.00 | OK |
Version: 0.2.2
Check: CRAN incoming feasibility
Result: NOTE
Maintainer: ‘Dave Hunter <dhunter@westmont.edu>’
No Authors@R field in DESCRIPTION.
Please add one, modifying
Authors@R: c(person(given = c("David", "J."),
family = "Hunter",
role = "aut"),
person(given = "McKalie",
family = "Drown",
role = "aut"),
person(given = "Dave",
family = "Hunter",
role = "cre",
email = "dhunter@westmont.edu"))
as necessary.
Flavors: r-devel-linux-x86_64-debian-clang, r-devel-linux-x86_64-debian-gcc