Last updated on 2024-03-28 06:01:19 CET.
Flavor | Version | Tinstall | Tcheck | Ttotal | Status | Flags |
---|---|---|---|---|---|---|
r-devel-linux-x86_64-debian-clang | 2.4-4 | 87.76 | 228.60 | 316.36 | NOTE | |
r-devel-linux-x86_64-debian-gcc | 2.4-4 | 61.84 | 164.72 | 226.56 | NOTE | |
r-devel-linux-x86_64-fedora-clang | 2.4-4 | 432.16 | NOTE | |||
r-devel-linux-x86_64-fedora-gcc | 2.4-4 | 430.73 | NOTE | |||
r-devel-windows-x86_64 | 2.4-4 | 68.00 | 238.00 | 306.00 | NOTE | |
r-patched-linux-x86_64 | 2.4-4 | 88.95 | 220.14 | 309.09 | NOTE | |
r-release-linux-x86_64 | 2.4-4 | 76.70 | 225.51 | 302.21 | NOTE | |
r-release-macos-arm64 | 2.4-4 | 98.00 | NOTE | |||
r-release-macos-x86_64 | 2.4-4 | 186.00 | NOTE | |||
r-release-windows-x86_64 | 2.4-4 | 73.00 | 289.00 | 362.00 | NOTE | |
r-oldrel-macos-arm64 | 2.4-4 | 89.00 | NOTE | |||
r-oldrel-windows-x86_64 | 2.4-4 | 90.00 | 273.00 | 363.00 | OK |
Version: 2.4-4
Check: package dependencies
Result: NOTE
Package suggested but not available for checking: ‘msa’
Flavors: r-devel-linux-x86_64-debian-clang, r-release-macos-arm64, r-release-macos-x86_64, r-oldrel-macos-arm64
Version: 2.4-4
Check: C++ specification
Result: NOTE
Specified C++11: please drop specification unless essential
Flavors: r-devel-linux-x86_64-debian-clang, r-devel-linux-x86_64-debian-gcc, r-devel-linux-x86_64-fedora-clang, r-devel-linux-x86_64-fedora-gcc, r-devel-windows-x86_64, r-patched-linux-x86_64, r-release-linux-x86_64, r-release-macos-arm64, r-release-macos-x86_64, r-release-windows-x86_64
Version: 2.4-4
Check: Rd files
Result: NOTE
checkRd: (-1) aa.index.Rd:14: Lost braces in \enumerate; meant \describe ?
checkRd: (-1) aa.index.Rd:15: Lost braces in \enumerate; meant \describe ?
checkRd: (-1) aa.index.Rd:16: Lost braces in \enumerate; meant \describe ?
checkRd: (-1) aa.index.Rd:17: Lost braces in \enumerate; meant \describe ?
checkRd: (-1) aa.index.Rd:18: Lost braces in \enumerate; meant \describe ?
checkRd: (-1) aa.index.Rd:19: Lost braces in \enumerate; meant \describe ?
checkRd: (-1) aa.index.Rd:20-23: Lost braces in \enumerate; meant \describe ?
checkRd: (-1) aa.index.Rd:24: Lost braces in \enumerate; meant \describe ?
checkRd: (-1) example.data.Rd:33-37: Lost braces in \enumerate; meant \describe ?
checkRd: (-1) example.data.Rd:38-39: Lost braces in \enumerate; meant \describe ?
checkRd: (-1) example.data.Rd:40-41: Lost braces in \enumerate; meant \describe ?
Flavors: r-devel-linux-x86_64-debian-clang, r-devel-linux-x86_64-debian-gcc, r-devel-linux-x86_64-fedora-clang, r-devel-linux-x86_64-fedora-gcc, r-devel-windows-x86_64
Version: 2.4-4
Check: installed package size
Result: NOTE
installed size is 6.5Mb
sub-directories of 1Mb or more:
R 1.1Mb
libs 2.8Mb
Flavors: r-release-macos-arm64, r-release-macos-x86_64, r-oldrel-macos-arm64