Last updated on 2025-07-27 06:49:22 CEST.
Flavor | Version | Tinstall | Tcheck | Ttotal | Status | Flags |
---|---|---|---|---|---|---|
r-devel-linux-x86_64-debian-clang | 1.0.1 | 6.92 | 26.56 | 33.48 | OK | |
r-devel-linux-x86_64-debian-gcc | 1.0.1 | 5.97 | 20.85 | 26.82 | OK | |
r-devel-linux-x86_64-fedora-clang | 1.0.1 | 53.29 | NOTE | |||
r-devel-linux-x86_64-fedora-gcc | 1.0.1 | 51.74 | NOTE | |||
r-devel-windows-x86_64 | 1.0.1 | 8.00 | 50.00 | 58.00 | OK | |
r-patched-linux-x86_64 | 1.0.1 | 6.97 | 24.75 | 31.72 | OK | |
r-release-linux-x86_64 | 1.0.1 | 6.78 | 24.98 | 31.76 | OK | |
r-release-macos-arm64 | 1.0.1 | 23.00 | OK | |||
r-release-macos-x86_64 | 1.0.1 | 36.00 | OK | |||
r-release-windows-x86_64 | 1.0.1 | 9.00 | 52.00 | 61.00 | OK | |
r-oldrel-macos-arm64 | 1.0.1 | 26.00 | OK | |||
r-oldrel-macos-x86_64 | 1.0.1 | 41.00 | OK | |||
r-oldrel-windows-x86_64 | 1.0.1 | 12.00 | 59.00 | 71.00 | OK |
Version: 1.0.1
Check: dependencies in R code
Result: NOTE
Namespaces in Imports field not imported from:
‘datana’ ‘ggplot2’ ‘graphics’ ‘lattice’ ‘stats’
All declared Imports should be used.
Flavors: r-devel-linux-x86_64-fedora-clang, r-devel-linux-x86_64-fedora-gcc