Last updated on 2025-11-19 17:48:34 CET.
| Flavor | Version | Tinstall | Tcheck | Ttotal | Status | Flags |
|---|---|---|---|---|---|---|
| r-devel-linux-x86_64-debian-clang | 0.2.3 | 6.18 | 63.58 | 69.76 | OK | |
| r-devel-linux-x86_64-debian-gcc | 0.2.3 | 5.42 | 48.34 | 53.76 | OK | |
| r-devel-linux-x86_64-fedora-clang | 0.2.3 | 15.00 | 101.15 | 116.15 | OK | |
| r-devel-linux-x86_64-fedora-gcc | 0.2.3 | 55.00 | 57.97 | 112.97 | OK | |
| r-devel-windows-x86_64 | 0.2.3 | 13.00 | 76.00 | 89.00 | OK | |
| r-patched-linux-x86_64 | 0.2.3 | 7.43 | 61.51 | 68.94 | OK | |
| r-release-linux-x86_64 | 0.2.3 | 6.78 | 61.43 | 68.21 | OK | |
| r-release-macos-arm64 | 0.2.3 | OK | ||||
| r-release-macos-x86_64 | 0.2.3 | 9.00 | 75.00 | 84.00 | OK | |
| r-release-windows-x86_64 | 0.2.3 | 9.00 | 77.00 | 86.00 | OK | |
| r-oldrel-macos-arm64 | 0.2.3 | NOTE | ||||
| r-oldrel-macos-x86_64 | 0.2.3 | 6.00 | 69.00 | 75.00 | NOTE | |
| r-oldrel-windows-x86_64 | 0.2.3 | 12.00 | 92.00 | 104.00 | NOTE |
Version: 0.2.3
Check: installed package size
Result: NOTE
installed size is 7.9Mb
sub-directories of 1Mb or more:
doc 7.3Mb
Flavors: r-oldrel-macos-arm64, r-oldrel-macos-x86_64, r-oldrel-windows-x86_64