Last updated on 2024-03-28 17:49:22 CET.
Flavor | Version | Tinstall | Tcheck | Ttotal | Status | Flags |
---|---|---|---|---|---|---|
r-devel-linux-x86_64-debian-clang | 4.2 | 3.63 | 58.02 | 61.65 | NOTE | |
r-devel-linux-x86_64-debian-gcc | 4.2 | 4.26 | 42.96 | 47.22 | NOTE | |
r-devel-linux-x86_64-fedora-clang | 4.2 | 77.01 | NOTE | |||
r-devel-linux-x86_64-fedora-gcc | 4.2 | 86.24 | NOTE | |||
r-devel-windows-x86_64 | 4.2 | 6.00 | 66.00 | 72.00 | NOTE | |
r-patched-linux-x86_64 | 4.2 | 5.41 | 53.91 | 59.32 | NOTE | |
r-release-linux-x86_64 | 4.2 | 4.15 | 52.64 | 56.79 | NOTE | |
r-release-macos-arm64 | 4.2 | 31.00 | NOTE | |||
r-release-macos-x86_64 | 4.2 | 50.00 | NOTE | |||
r-release-windows-x86_64 | 4.2 | 6.00 | 72.00 | 78.00 | NOTE | |
r-oldrel-macos-arm64 | 4.2 | 30.00 | OK | |||
r-oldrel-windows-x86_64 | 4.2 | 8.00 | 76.00 | 84.00 | OK |
Version: 4.2
Check: Rd files
Result: NOTE
checkRd: (-1) tocher.Rd:13: Escaped LaTeX specials: \&
Flavors: r-devel-linux-x86_64-debian-clang, r-devel-linux-x86_64-debian-gcc, r-devel-linux-x86_64-fedora-clang, r-devel-linux-x86_64-fedora-gcc, r-devel-windows-x86_64, r-patched-linux-x86_64, r-release-linux-x86_64, r-release-macos-arm64, r-release-macos-x86_64, r-release-windows-x86_64