Last updated on 2024-04-24 07:14:57 CEST.
Flavor | Version | Tinstall | Tcheck | Ttotal | Status | Flags |
---|---|---|---|---|---|---|
r-devel-linux-x86_64-debian-clang | 1.1.46 | 82.62 | 134.43 | 217.05 | OK | |
r-devel-linux-x86_64-debian-gcc | 1.1.46 | 67.60 | 96.30 | 163.90 | OK | |
r-devel-linux-x86_64-fedora-clang | 1.1.46 | 283.56 | OK | |||
r-devel-linux-x86_64-fedora-gcc | 1.1.46 | 284.55 | OK | |||
r-prerel-macos-arm64 | 1.1.46 | 70.00 | NOTE | |||
r-prerel-windows-x86_64 | 1.1.46 | 64.00 | 124.00 | 188.00 | OK | |
r-patched-linux-x86_64 | 1.1.46 | 60.63 | 130.69 | 191.32 | OK | |
r-release-linux-x86_64 | 1.1.46 | 73.89 | 130.38 | 204.27 | OK | |
r-release-macos-arm64 | 1.1.46 | 69.00 | NOTE | |||
r-release-macos-x86_64 | 1.1.46 | 135.00 | NOTE | |||
r-release-windows-x86_64 | 1.1.46 | 82.00 | 155.00 | 237.00 | OK | |
r-oldrel-macos-arm64 | 1.1.46 | 67.00 | NOTE | |||
r-oldrel-windows-x86_64 | 1.1.46 | 75.00 | 147.00 | 222.00 | OK |
Version: 1.1.46
Check: installed package size
Result: NOTE
installed size is 10.1Mb
sub-directories of 1Mb or more:
libs 9.5Mb
Flavors: r-prerel-macos-arm64, r-release-macos-arm64, r-release-macos-x86_64, r-oldrel-macos-arm64