Last updated on 2024-07-03 18:57:32 CEST.
Flavor | Version | Tinstall | Tcheck | Ttotal | Status | Flags |
---|---|---|---|---|---|---|
r-devel-linux-x86_64-debian-clang | 0.2.6 | 116.04 | 105.27 | 221.31 | OK | |
r-devel-linux-x86_64-debian-gcc | 0.2.6 | 80.71 | 81.05 | 161.76 | OK | |
r-devel-linux-x86_64-fedora-clang | 0.2.6 | 328.52 | OK | |||
r-devel-linux-x86_64-fedora-gcc | 0.2.6 | 317.83 | OK | |||
r-devel-windows-x86_64 | 0.2.6 | 97.00 | 112.00 | 209.00 | OK | |
r-patched-linux-x86_64 | 0.2.6 | 96.73 | 98.62 | 195.35 | OK | |
r-release-linux-x86_64 | 0.2.6 | 105.57 | 100.70 | 206.27 | OK | |
r-release-macos-arm64 | 0.2.6 | 73.00 | NOTE | |||
r-release-macos-x86_64 | 0.2.6 | 96.00 | NOTE | |||
r-release-windows-x86_64 | 0.2.6 | 94.00 | 112.00 | 206.00 | OK | |
r-oldrel-macos-arm64 | 0.2.6 | 84.00 | NOTE | |||
r-oldrel-macos-x86_64 | 0.2.6 | 135.00 | NOTE | |||
r-oldrel-windows-x86_64 | 0.2.6 | 110.00 | 145.00 | 255.00 | OK |
Version: 0.2.6
Check: installed package size
Result: NOTE
installed size is 7.0Mb
sub-directories of 1Mb or more:
libs 6.6Mb
Flavors: r-release-macos-arm64, r-release-macos-x86_64, r-oldrel-macos-arm64, r-oldrel-macos-x86_64