CRAN Package Check Results for Package blrm

Last updated on 2025-11-23 05:50:11 CET.

Flavor Version Tinstall Tcheck Ttotal Status Flags
r-devel-linux-x86_64-debian-clang 1.0-2 7.30 42.28 49.58 NOTE
r-devel-linux-x86_64-debian-gcc 1.0-2 5.25 31.63 36.88 NOTE
r-devel-linux-x86_64-fedora-clang 1.0-2 15.00 65.61 80.61 NOTE
r-devel-windows-x86_64 1.0-2 10.00 52.00 62.00 OK
r-patched-linux-x86_64 1.0-2 7.23 40.53 47.76 OK
r-release-linux-x86_64 1.0-2 6.04 39.77 45.81 OK
r-release-macos-arm64 1.0-2 OK
r-release-macos-x86_64 1.0-2 7.00 41.00 48.00 OK
r-release-windows-x86_64 1.0-2 10.00 62.00 72.00 OK
r-oldrel-macos-arm64 1.0-2 OK
r-oldrel-macos-x86_64 1.0-2 5.00 30.00 35.00 OK
r-oldrel-windows-x86_64 1.0-2 11.00 65.00 76.00 OK

Check Details

Version: 1.0-2
Check: CRAN incoming feasibility
Result: NOTE Maintainer: ‘Furong Sun <furongs@vt.edu>’ No Authors@R field in DESCRIPTION. Please add one, modifying Authors@R: c(person(given = "Furong", family = "Sun", role = c("aut", "cre"), email = "furongs@vt.edu"), person(given = "Zhonggai", family = "Li", role = "aut", email = "zli@bostonbiomedical.com")) as necessary. Flavors: r-devel-linux-x86_64-debian-clang, r-devel-linux-x86_64-debian-gcc

Version: 1.0-2
Check: dependencies in R code
Result: NOTE Namespace in Imports field not imported from: ‘shiny’ All declared Imports should be used. Flavor: r-devel-linux-x86_64-fedora-clang