Last updated on 2025-07-27 18:51:16 CEST.
Flavor | Version | Tinstall | Tcheck | Ttotal | Status | Flags |
---|---|---|---|---|---|---|
r-devel-linux-x86_64-debian-clang | 1.7 | 9.36 | 29.60 | 38.96 | NOTE | |
r-devel-linux-x86_64-debian-gcc | 1.7 | 6.21 | 23.23 | 29.44 | NOTE | |
r-devel-linux-x86_64-fedora-clang | 1.7 | 65.57 | OK | |||
r-devel-linux-x86_64-fedora-gcc | 1.7 | 56.74 | OK | |||
r-devel-windows-x86_64 | 1.7 | 15.00 | 68.00 | 83.00 | OK | |
r-patched-linux-x86_64 | 1.7 | 7.62 | 27.05 | 34.67 | OK | |
r-release-linux-x86_64 | 1.7 | 8.17 | 26.68 | 34.85 | OK | |
r-release-macos-arm64 | 1.7 | 26.00 | OK | |||
r-release-macos-x86_64 | 1.7 | 34.00 | OK | |||
r-release-windows-x86_64 | 1.7 | 14.00 | 56.00 | 70.00 | OK | |
r-oldrel-macos-arm64 | 1.7 | 21.00 | OK | |||
r-oldrel-macos-x86_64 | 1.7 | 30.00 | OK | |||
r-oldrel-windows-x86_64 | 1.7 | 16.00 | 63.00 | 79.00 | OK |
Version: 1.7
Check: CRAN incoming feasibility
Result: NOTE
Maintainer: ‘Reza Mohammadi <a.mohammadi@uva.nl>’
Package CITATION file contains call(s) to old-style personList() or
as.personList(). Please use c() on person objects instead.
Package CITATION file contains call(s) to old-style citEntry(). Please
use bibentry() instead.
Flavors: r-devel-linux-x86_64-debian-clang, r-devel-linux-x86_64-debian-gcc