Last updated on 2025-11-22 17:49:25 CET.
| Flavor | Version | Tinstall | Tcheck | Ttotal | Status | Flags |
|---|---|---|---|---|---|---|
| r-devel-linux-x86_64-debian-clang | 2.0.1 | 8.46 | 75.06 | 83.52 | OK | |
| r-devel-linux-x86_64-debian-gcc | 2.0.1 | 5.36 | 57.68 | 63.04 | OK | |
| r-devel-linux-x86_64-fedora-clang | 2.0.1 | 16.00 | 123.29 | 139.29 | OK | |
| r-devel-windows-x86_64 | 2.0.1 | 12.00 | 82.00 | 94.00 | OK | |
| r-patched-linux-x86_64 | 2.0.1 | 7.44 | 71.88 | 79.32 | OK | |
| r-release-linux-x86_64 | 2.0.1 | 7.64 | 71.78 | 79.42 | OK | |
| r-release-macos-arm64 | 2.0.1 | OK | ||||
| r-release-macos-x86_64 | 2.0.1 | 8.00 | 84.00 | 92.00 | OK | |
| r-release-windows-x86_64 | 2.0.1 | 9.00 | 81.00 | 90.00 | OK | |
| r-oldrel-macos-arm64 | 2.0.1 | NOTE | ||||
| r-oldrel-macos-x86_64 | 2.0.1 | 11.00 | 131.00 | 142.00 | NOTE | |
| r-oldrel-windows-x86_64 | 2.0.1 | 12.00 | 102.00 | 114.00 | NOTE |
Version: 2.0.1
Check: package dependencies
Result: NOTE
Packages suggested but not available for checking:
'adiposerefdata', 'musclerefdata'
Flavors: r-oldrel-macos-arm64, r-oldrel-macos-x86_64, r-oldrel-windows-x86_64