Last updated on 2024-03-28 17:49:23 CET.
Flavor | Version | Tinstall | Tcheck | Ttotal | Status | Flags |
---|---|---|---|---|---|---|
r-devel-linux-x86_64-debian-clang | 1.3.2 | 4.12 | 55.51 | 59.63 | NOTE | |
r-devel-linux-x86_64-debian-gcc | 1.3.2 | 2.94 | 43.87 | 46.81 | NOTE | |
r-devel-linux-x86_64-fedora-clang | 1.3.2 | 75.50 | NOTE | |||
r-devel-linux-x86_64-fedora-gcc | 1.3.2 | 87.82 | NOTE | |||
r-devel-windows-x86_64 | 1.3.2 | 4.00 | 71.00 | 75.00 | NOTE | |
r-patched-linux-x86_64 | 1.3.2 | 3.30 | 56.47 | 59.77 | NOTE | |
r-release-linux-x86_64 | 1.3.2 | 3.46 | 55.08 | 58.54 | OK | |
r-release-macos-arm64 | 1.3.2 | 36.00 | OK | |||
r-release-macos-x86_64 | 1.3.2 | 44.00 | OK | |||
r-release-windows-x86_64 | 1.3.2 | 4.00 | 75.00 | 79.00 | OK | |
r-oldrel-macos-arm64 | 1.3.2 | 30.00 | OK | |||
r-oldrel-windows-x86_64 | 1.3.2 | 8.00 | 78.00 | 86.00 | OK |
Version: 1.3.2
Check: Rd files
Result: NOTE
checkRd: (-1) Extractor.Rd:13: Lost braces in \itemize; meant \describe ?
checkRd: (-1) Extractor.Rd:14: Lost braces in \itemize; meant \describe ?
checkRd: (-1) Extractor.Rd:15: Lost braces in \itemize; meant \describe ?
checkRd: (-1) Extractor.Rd:16: Lost braces in \itemize; meant \describe ?
checkRd: (-1) Extractor.Rd:17: Lost braces in \itemize; meant \describe ?
checkRd: (-1) Extractor.Rd:18: Lost braces in \itemize; meant \describe ?
checkRd: (-1) Extractor.Rd:19: Lost braces in \itemize; meant \describe ?
Flavors: r-devel-linux-x86_64-debian-clang, r-devel-linux-x86_64-debian-gcc, r-devel-linux-x86_64-fedora-clang, r-devel-linux-x86_64-fedora-gcc, r-devel-windows-x86_64, r-patched-linux-x86_64