Last updated on 2025-11-19 17:48:34 CET.
| Flavor | Version | Tinstall | Tcheck | Ttotal | Status | Flags |
|---|---|---|---|---|---|---|
| r-devel-linux-x86_64-debian-clang | 0.4.2 | 15.04 | 112.03 | 127.07 | WARN | |
| r-devel-linux-x86_64-debian-gcc | 0.4.2 | 10.12 | 82.69 | 92.81 | WARN | |
| r-devel-linux-x86_64-fedora-clang | 0.4.2 | 31.00 | 175.64 | 206.64 | WARN | |
| r-devel-linux-x86_64-fedora-gcc | 0.4.2 | 33.00 | 153.36 | 186.36 | WARN | |
| r-devel-windows-x86_64 | 0.4.2 | 16.00 | 110.00 | 126.00 | WARN | |
| r-patched-linux-x86_64 | 0.4.2 | 14.20 | 106.30 | 120.50 | WARN | |
| r-release-linux-x86_64 | 0.4.2 | 13.81 | 107.08 | 120.89 | WARN | |
| r-release-macos-arm64 | 0.4.2 | OK | ||||
| r-release-macos-x86_64 | 0.4.2 | 18.00 | 104.00 | 122.00 | OK | |
| r-release-windows-x86_64 | 0.4.2 | 14.00 | 108.00 | 122.00 | WARN | |
| r-oldrel-macos-arm64 | 0.4.2 | OK | ||||
| r-oldrel-macos-x86_64 | 0.4.2 | 12.00 | 90.00 | 102.00 | OK | |
| r-oldrel-windows-x86_64 | 0.4.2 | 21.00 | 136.00 | 157.00 | WARN |
Version: 0.4.2
Check: whether package can be installed
Result: WARN
Found the following significant warnings:
Warning: replacing previous import ‘mclust::count’ by ‘plyr::count’ when loading ‘bootcluster’
Flavors: r-devel-linux-x86_64-debian-clang, r-devel-linux-x86_64-debian-gcc, r-devel-linux-x86_64-fedora-clang, r-devel-linux-x86_64-fedora-gcc, r-devel-windows-x86_64, r-patched-linux-x86_64, r-release-linux-x86_64, r-release-windows-x86_64, r-oldrel-windows-x86_64