Last updated on 2024-04-17 18:56:35 CEST.
Flavor | Version | Tinstall | Tcheck | Ttotal | Status | Flags |
---|---|---|---|---|---|---|
r-devel-linux-x86_64-debian-clang | 0.3.2 | 15.51 | 109.14 | 124.65 | OK | |
r-devel-linux-x86_64-debian-gcc | 0.3.2 | 10.58 | 81.43 | 92.01 | OK | |
r-devel-linux-x86_64-fedora-clang | 0.3.2 | 153.91 | NOTE | |||
r-devel-linux-x86_64-fedora-gcc | 0.3.2 | 154.01 | NOTE | |||
r-prerel-macos-arm64 | 0.3.2 | 47.00 | OK | |||
r-prerel-windows-x86_64 | 0.3.2 | 11.00 | 96.00 | 107.00 | OK | |
r-patched-linux-x86_64 | 0.3.2 | 14.02 | 103.40 | 117.42 | OK | |
r-release-linux-x86_64 | 0.3.2 | 11.80 | 104.91 | 116.71 | OK | |
r-release-macos-arm64 | 0.3.2 | 42.00 | OK | |||
r-release-macos-x86_64 | 0.3.2 | 71.00 | OK | |||
r-release-windows-x86_64 | 0.3.2 | 15.00 | 114.00 | 129.00 | OK | |
r-oldrel-macos-arm64 | 0.3.2 | 45.00 | NOTE | |||
r-oldrel-windows-x86_64 | 0.3.2 | 17.00 | 117.00 | 134.00 | OK |
Version: 0.3.2
Check: dependencies in R code
Result: NOTE
Namespace in Imports field not imported from: ‘sna’
All declared Imports should be used.
Flavors: r-devel-linux-x86_64-fedora-clang, r-devel-linux-x86_64-fedora-gcc, r-oldrel-macos-arm64