CRAN Package Check Results for Package boussinesq

Last updated on 2025-07-25 18:55:53 CEST.

Flavor Version Tinstall Tcheck Ttotal Status Flags
r-devel-linux-x86_64-debian-clang 1.0.6 1.62 18.88 20.50 NOTE
r-devel-linux-x86_64-debian-gcc 1.0.6 1.35 15.78 17.13 NOTE
r-devel-linux-x86_64-fedora-clang 1.0.6 32.22 OK
r-devel-linux-x86_64-fedora-gcc 1.0.6 30.64 OK
r-devel-windows-x86_64 1.0.6 3.00 38.00 41.00 OK
r-patched-linux-x86_64 1.0.6 1.55 17.74 19.29 OK
r-release-linux-x86_64 1.0.6 1.44 18.04 19.48 OK
r-release-macos-arm64 1.0.6 15.00 OK
r-release-macos-x86_64 1.0.6 31.00 OK
r-release-windows-x86_64 1.0.6 3.00 41.00 44.00 OK
r-oldrel-macos-arm64 1.0.6 20.00 OK
r-oldrel-macos-x86_64 1.0.6 27.00 OK
r-oldrel-windows-x86_64 1.0.6 3.00 39.00 42.00 OK

Check Details

Version: 1.0.6
Check: CRAN incoming feasibility
Result: NOTE Maintainer: ‘Emanuele Cordano <emanuele.cordano@gmail.com>’ No Authors@R field in DESCRIPTION. Please add one, modifying Authors@R: person(given = "Emanuele", family = "Cordano", role = c("aut", "cre"), email = "emanuele.cordano@gmail.com") as necessary. Flavors: r-devel-linux-x86_64-debian-clang, r-devel-linux-x86_64-debian-gcc