Last updated on 2024-04-18 18:57:28 CEST.
Flavor | Version | Tinstall | Tcheck | Ttotal | Status | Flags |
---|---|---|---|---|---|---|
r-devel-linux-x86_64-debian-clang | 0.3.6 | 9.29 | 75.66 | 84.95 | OK | |
r-devel-linux-x86_64-debian-gcc | 0.3.6 | 4.90 | 56.94 | 61.84 | OK | |
r-devel-linux-x86_64-fedora-clang | 0.3.6 | 103.61 | NOTE | |||
r-devel-linux-x86_64-fedora-gcc | 0.3.6 | 112.84 | OK | |||
r-prerel-macos-arm64 | 0.3.6 | 42.00 | OK | |||
r-prerel-windows-x86_64 | 0.3.6 | 8.00 | 83.00 | 91.00 | OK | |
r-patched-linux-x86_64 | 0.3.6 | 15.65 | 70.40 | 86.05 | OK | |
r-release-linux-x86_64 | 0.3.6 | 4.41 | 69.04 | 73.45 | OK | |
r-release-macos-arm64 | 0.3.6 | 43.00 | OK | |||
r-release-macos-x86_64 | 0.3.6 | 65.00 | OK | |||
r-release-windows-x86_64 | 0.3.6 | 9.00 | 92.00 | 101.00 | OK | |
r-oldrel-macos-arm64 | 0.3.6 | 32.00 | OK | |||
r-oldrel-windows-x86_64 | 0.3.6 | 10.00 | 84.00 | 94.00 | OK |
Version: 0.3.6
Check: Rd cross-references
Result: NOTE
Undeclared packages ‘data.table’, ‘readxl’, ‘openxlsx’ in Rd xrefs
Flavor: r-devel-linux-x86_64-fedora-clang