CRAN Package Check Results for Package bpr

Last updated on 2025-07-28 06:50:25 CEST.

Flavor Version Tinstall Tcheck Ttotal Status Flags
r-devel-linux-x86_64-debian-clang 1.0.8 94.21 34.10 128.31 NOTE
r-devel-linux-x86_64-debian-gcc 1.0.8 61.78 26.59 88.37 NOTE
r-devel-linux-x86_64-fedora-clang 1.0.8 244.04 OK
r-devel-linux-x86_64-fedora-gcc 1.0.8 211.64 OK
r-devel-windows-x86_64 1.0.8 101.00 94.00 195.00 OK
r-patched-linux-x86_64 1.0.8 89.98 32.35 122.33 OK
r-release-linux-x86_64 1.0.8 90.43 32.23 122.66 OK
r-release-macos-arm64 1.0.8 52.00 OK
r-release-macos-x86_64 1.0.8 63.00 OK
r-release-windows-x86_64 1.0.8 101.00 82.00 183.00 OK
r-oldrel-macos-arm64 1.0.8 50.00 OK
r-oldrel-macos-x86_64 1.0.8 60.00 OK
r-oldrel-windows-x86_64 1.0.8 123.00 96.00 219.00 OK

Check Details

Version: 1.0.8
Check: CRAN incoming feasibility
Result: NOTE Maintainer: ‘Laura D'Angelo <laura.dangelo@live.com>’ No Authors@R field in DESCRIPTION. Please add one, modifying Authors@R: person(given = "Laura", family = "D'Angelo", role = c("aut", "cre"), email = "laura.dangelo@live.com") as necessary. Flavors: r-devel-linux-x86_64-debian-clang, r-devel-linux-x86_64-debian-gcc