Last updated on 2024-03-28 17:49:23 CET.
Flavor | Version | Tinstall | Tcheck | Ttotal | Status | Flags |
---|---|---|---|---|---|---|
r-devel-linux-x86_64-debian-clang | 1.6.0 | 11.21 | 80.02 | 91.23 | NOTE | |
r-devel-linux-x86_64-debian-gcc | 1.6.0 | 8.36 | 58.23 | 66.59 | NOTE | |
r-devel-linux-x86_64-fedora-clang | 1.6.0 | 112.49 | NOTE | |||
r-devel-linux-x86_64-fedora-gcc | 1.6.0 | 107.27 | NOTE | |||
r-devel-windows-x86_64 | 1.6.0 | 7.00 | 64.00 | 71.00 | NOTE | |
r-patched-linux-x86_64 | 1.6.0 | 15.67 | 76.92 | 92.59 | NOTE | |
r-release-linux-x86_64 | 1.6.0 | 7.01 | 67.31 | 74.32 | NOTE | |
r-release-macos-arm64 | 1.6.0 | 31.00 | NOTE | |||
r-release-macos-x86_64 | 1.6.0 | 54.00 | NOTE | |||
r-release-windows-x86_64 | 1.6.0 | 9.00 | 74.00 | 83.00 | NOTE | |
r-oldrel-macos-arm64 | 1.6.0 | 43.00 | NOTE | |||
r-oldrel-windows-x86_64 | 1.6.0 | 10.00 | 77.00 | 87.00 | NOTE |
Version: 1.6.0
Check: LazyData
Result: NOTE
'LazyData' is specified without a 'data' directory
Flavors: r-devel-linux-x86_64-debian-clang, r-devel-linux-x86_64-debian-gcc, r-devel-linux-x86_64-fedora-clang, r-devel-linux-x86_64-fedora-gcc, r-devel-windows-x86_64, r-patched-linux-x86_64, r-release-linux-x86_64, r-release-macos-arm64, r-release-macos-x86_64, r-release-windows-x86_64, r-oldrel-macos-arm64, r-oldrel-windows-x86_64