Last updated on 2025-10-27 17:50:23 CET.
| Flavor | Version | Tinstall | Tcheck | Ttotal | Status | Flags |
|---|---|---|---|---|---|---|
| r-devel-linux-x86_64-debian-clang | 0.3-0 | 6.33 | 50.66 | 56.99 | NOTE | |
| r-devel-linux-x86_64-debian-gcc | 0.3-0 | 5.46 | 39.30 | 44.76 | NOTE | |
| r-devel-linux-x86_64-fedora-clang | 0.3-0 | 13.00 | 73.71 | 86.71 | OK | |
| r-devel-linux-x86_64-fedora-gcc | 0.3-0 | 11.00 | 70.81 | 81.81 | OK | |
| r-devel-windows-x86_64 | 0.3-0 | 7.00 | 59.00 | 66.00 | OK | |
| r-patched-linux-x86_64 | 0.3-0 | 5.29 | 49.40 | 54.69 | OK | |
| r-release-linux-x86_64 | 0.3-0 | 6.30 | 50.68 | 56.98 | OK | |
| r-release-macos-arm64 | 0.3-0 | 4.00 | 27.00 | 31.00 | OK | |
| r-release-macos-x86_64 | 0.3-0 | 10.00 | 55.00 | 65.00 | OK | |
| r-release-windows-x86_64 | 0.3-0 | 8.00 | 62.00 | 70.00 | OK | |
| r-oldrel-macos-arm64 | 0.3-0 | 2.00 | 25.00 | 27.00 | OK | |
| r-oldrel-macos-x86_64 | 0.3-0 | 4.00 | 41.00 | 45.00 | OK | |
| r-oldrel-windows-x86_64 | 0.3-0 | 9.00 | 74.00 | 83.00 | OK |
Version: 0.3-0
Check: CRAN incoming feasibility
Result: NOTE
Maintainer: ‘Benjamin Schlegel <kontakt@benjaminschlegel.ch>’
No Authors@R field in DESCRIPTION.
Please add one, modifying
Authors@R: c(person(given = "Benjamin",
family = "Schlegel",
role = c("aut", "cre"),
email = "kontakt@benjaminschlegel.ch"),
person(given = "Marco",
family = "Steenbergen",
role = "aut"))
as necessary.
Flavors: r-devel-linux-x86_64-debian-clang, r-devel-linux-x86_64-debian-gcc