Last updated on 2024-04-18 06:57:34 CEST.
Flavor | Version | Tinstall | Tcheck | Ttotal | Status | Flags |
---|---|---|---|---|---|---|
r-devel-linux-x86_64-debian-clang | 0.1.7 | 3.35 | 28.74 | 32.09 | OK | |
r-devel-linux-x86_64-debian-gcc | 0.1.7 | 2.34 | 22.00 | 24.34 | OK | |
r-devel-linux-x86_64-fedora-clang | 0.1.7 | 40.15 | NOTE | |||
r-devel-linux-x86_64-fedora-gcc | 0.1.7 | 38.14 | NOTE | |||
r-prerel-macos-arm64 | 0.1.7 | 17.00 | OK | |||
r-prerel-windows-x86_64 | 0.1.7 | 3.00 | 43.00 | 46.00 | OK | |
r-patched-linux-x86_64 | 0.1.7 | 3.59 | 27.98 | 31.57 | OK | |
r-release-linux-x86_64 | 0.1.7 | 3.36 | 27.97 | 31.33 | OK | |
r-release-macos-arm64 | 0.1.7 | 19.00 | OK | |||
r-release-macos-x86_64 | 0.1.7 | 25.00 | OK | |||
r-release-windows-x86_64 | 0.1.7 | 4.00 | 45.00 | 49.00 | OK | |
r-oldrel-macos-arm64 | 0.1.7 | 16.00 | OK | |||
r-oldrel-windows-x86_64 | 0.1.7 | 5.00 | 51.00 | 56.00 | OK |
Version: 0.1.7
Check: dependencies in R code
Result: NOTE
Namespaces in Imports field not imported from:
‘Rcpp’ ‘profileModel’
All declared Imports should be used.
Flavors: r-devel-linux-x86_64-fedora-clang, r-devel-linux-x86_64-fedora-gcc