Last updated on 2024-04-24 07:14:57 CEST.
Flavor | Version | Tinstall | Tcheck | Ttotal | Status | Flags |
---|---|---|---|---|---|---|
r-devel-linux-x86_64-debian-clang | 2.21.0 | 98.36 | 773.50 | 871.86 | NOTE | |
r-devel-linux-x86_64-debian-gcc | 2.21.0 | 66.28 | 542.04 | 608.32 | NOTE | |
r-devel-linux-x86_64-fedora-clang | 2.21.0 | 1082.39 | NOTE | |||
r-devel-linux-x86_64-fedora-gcc | 2.21.0 | 973.37 | NOTE | |||
r-prerel-macos-arm64 | 2.21.0 | 242.00 | NOTE | |||
r-prerel-macos-x86_64 | 2.21.0 | 643.00 | NOTE | |||
r-prerel-windows-x86_64 | 2.21.0 | 57.00 | 219.00 | 276.00 | NOTE | --no-examples --no-tests --no-vignettes |
r-patched-linux-x86_64 | 2.21.0 | 71.86 | 718.40 | 790.26 | NOTE | |
r-release-linux-x86_64 | 2.21.0 | 68.37 | 716.76 | 785.13 | NOTE | |
r-release-macos-arm64 | 2.21.0 | 243.00 | NOTE | |||
r-release-macos-x86_64 | 2.21.0 | 648.00 | NOTE | |||
r-release-windows-x86_64 | 2.21.0 | 77.00 | 224.00 | 301.00 | NOTE | --no-examples --no-tests --no-vignettes |
r-oldrel-macos-arm64 | 2.21.0 | 218.00 | NOTE | |||
r-oldrel-windows-x86_64 | 2.21.0 | 79.00 | 191.00 | 270.00 | NOTE | --no-examples --no-tests --no-vignettes |
Version: 2.21.0
Check: package dependencies
Result: NOTE
Package suggested but not available for checking: ‘cmdstanr’
Flavors: r-devel-linux-x86_64-debian-clang, r-devel-linux-x86_64-debian-gcc, r-devel-linux-x86_64-fedora-clang, r-devel-linux-x86_64-fedora-gcc, r-prerel-macos-arm64, r-prerel-macos-x86_64, r-patched-linux-x86_64, r-release-linux-x86_64, r-release-macos-arm64, r-release-macos-x86_64, r-oldrel-macos-arm64
Version: 2.21.0
Check: installed package size
Result: NOTE
installed size is 8.7Mb
sub-directories of 1Mb or more:
R 3.7Mb
doc 3.6Mb
Flavors: r-devel-linux-x86_64-fedora-clang, r-prerel-macos-arm64, r-prerel-macos-x86_64, r-release-macos-arm64, r-release-macos-x86_64, r-oldrel-macos-arm64
Version: 2.21.0
Flags: --no-examples --no-tests --no-vignettes
Check: package dependencies
Result: NOTE
Package suggested but not available for checking: 'cmdstanr'
Flavors: r-prerel-windows-x86_64, r-release-windows-x86_64, r-oldrel-windows-x86_64
Version: 2.21.0
Flags: --no-examples --no-tests --no-vignettes
Check: installed package size
Result: NOTE
installed size is 8.6Mb
sub-directories of 1Mb or more:
R 3.7Mb
doc 3.6Mb
Flavors: r-prerel-windows-x86_64, r-release-windows-x86_64, r-oldrel-windows-x86_64