Last updated on 2024-04-23 06:56:49 CEST.
Flavor | Version | Tinstall | Tcheck | Ttotal | Status | Flags |
---|---|---|---|---|---|---|
r-devel-linux-x86_64-debian-clang | 0.9.10 | 120.67 | 141.69 | 262.36 | OK | |
r-devel-linux-x86_64-debian-gcc | 0.9.10 | 105.06 | 97.39 | 202.45 | OK | |
r-devel-linux-x86_64-fedora-clang | 0.9.10 | 356.88 | NOTE | |||
r-devel-linux-x86_64-fedora-gcc | 0.9.10 | 372.55 | OK | |||
r-prerel-macos-arm64 | 0.9.10 | 82.00 | NOTE | |||
r-prerel-windows-x86_64 | 0.9.10 | 104.00 | 156.00 | 260.00 | NOTE | |
r-patched-linux-x86_64 | 0.9.10 | 132.66 | 134.51 | 267.17 | OK | |
r-release-linux-x86_64 | 0.9.10 | 129.18 | 134.33 | 263.51 | OK | |
r-release-macos-arm64 | 0.9.10 | 87.00 | NOTE | |||
r-release-macos-x86_64 | 0.9.10 | 161.00 | NOTE | |||
r-release-windows-x86_64 | 0.9.10 | 133.00 | 267.00 | 400.00 | NOTE | |
r-oldrel-macos-arm64 | 0.9.10 | 84.00 | NOTE | |||
r-oldrel-windows-x86_64 | 0.9.10 | 113.00 | 247.00 | 360.00 | NOTE |
Version: 0.9.10
Check: installed package size
Result: NOTE
installed size is 9.5Mb
sub-directories of 1Mb or more:
libs 8.6Mb
Flavors: r-devel-linux-x86_64-fedora-clang, r-prerel-macos-arm64, r-prerel-windows-x86_64, r-release-macos-arm64, r-release-macos-x86_64, r-release-windows-x86_64, r-oldrel-macos-arm64, r-oldrel-windows-x86_64