Last updated on 2024-03-28 17:49:24 CET.
Flavor | Version | Tinstall | Tcheck | Ttotal | Status | Flags |
---|---|---|---|---|---|---|
r-devel-linux-x86_64-debian-clang | 1.3.2 | 84.63 | 404.81 | 489.44 | NOTE | |
r-devel-linux-x86_64-debian-gcc | 1.3.2 | 64.92 | 293.06 | 357.98 | NOTE | |
r-devel-linux-x86_64-fedora-clang | 1.3.2 | 639.62 | NOTE | |||
r-devel-linux-x86_64-fedora-gcc | 1.3.2 | 612.88 | NOTE | |||
r-devel-windows-x86_64 | 1.3.2 | 68.00 | 382.00 | 450.00 | NOTE | |
r-patched-linux-x86_64 | 1.3.2 | 78.49 | 379.22 | 457.71 | NOTE | |
r-release-linux-x86_64 | 1.3.2 | 85.70 | 379.72 | 465.42 | NOTE | |
r-release-macos-arm64 | 1.3.2 | 239.00 | NOTE | |||
r-release-macos-x86_64 | 1.3.2 | 367.00 | NOTE | |||
r-release-windows-x86_64 | 1.3.2 | 81.00 | 428.00 | 509.00 | NOTE | |
r-oldrel-macos-arm64 | 1.3.2 | 236.00 | NOTE | |||
r-oldrel-windows-x86_64 | 1.3.2 | 79.00 | 419.00 | 498.00 | OK |
Version: 1.3.2
Check: C++ specification
Result: NOTE
Specified C++11: please drop specification unless essential
Flavors: r-devel-linux-x86_64-debian-clang, r-devel-linux-x86_64-debian-gcc, r-devel-linux-x86_64-fedora-clang, r-devel-linux-x86_64-fedora-gcc, r-devel-windows-x86_64, r-patched-linux-x86_64, r-release-linux-x86_64, r-release-macos-arm64, r-release-macos-x86_64, r-release-windows-x86_64
Version: 1.3.2
Check: installed package size
Result: NOTE
installed size is 5.2Mb
sub-directories of 1Mb or more:
libs 4.9Mb
Flavors: r-release-macos-arm64, r-oldrel-macos-arm64