Last updated on 2024-03-28 17:49:23 CET.
Flavor | Version | Tinstall | Tcheck | Ttotal | Status | Flags |
---|---|---|---|---|---|---|
r-devel-linux-x86_64-debian-clang | 0.2.2 | 12.58 | 101.12 | 113.70 | OK | |
r-devel-linux-x86_64-debian-gcc | 0.2.2 | 10.26 | 76.08 | 86.34 | OK | |
r-devel-linux-x86_64-fedora-clang | 0.2.2 | 145.05 | NOTE | |||
r-devel-linux-x86_64-fedora-gcc | 0.2.2 | 136.27 | NOTE | |||
r-devel-windows-x86_64 | 0.2.2 | 11.00 | 88.00 | 99.00 | OK | |
r-patched-linux-x86_64 | 0.2.2 | 11.11 | 96.06 | 107.17 | OK | |
r-release-linux-x86_64 | 0.2.2 | 9.19 | 100.59 | 109.78 | OK | |
r-release-macos-arm64 | 0.2.2 | 45.00 | OK | |||
r-release-macos-x86_64 | 0.2.2 | 64.00 | OK | |||
r-release-windows-x86_64 | 0.2.2 | 14.00 | 106.00 | 120.00 | OK | |
r-oldrel-macos-arm64 | 0.2.2 | 45.00 | NOTE | |||
r-oldrel-windows-x86_64 | 0.2.2 | 15.00 | 111.00 | 126.00 | OK |
Version: 0.2.2
Check: dependencies in R code
Result: NOTE
Namespace in Imports field not imported from: ‘markdown’
All declared Imports should be used.
Flavors: r-devel-linux-x86_64-fedora-clang, r-devel-linux-x86_64-fedora-gcc, r-oldrel-macos-arm64