Last updated on 2025-11-24 17:49:53 CET.
| Flavor | Version | Tinstall | Tcheck | Ttotal | Status | Flags |
|---|---|---|---|---|---|---|
| r-devel-linux-x86_64-debian-clang | 2.0.0 | 10.88 | 32.65 | 43.53 | OK | |
| r-devel-linux-x86_64-debian-gcc | 2.0.0 | 11.05 | 25.26 | 36.31 | OK | |
| r-devel-linux-x86_64-fedora-clang | 2.0.0 | 20.00 | 44.54 | 64.54 | NOTE | |
| r-devel-linux-x86_64-fedora-gcc | 2.0.0 | 24.00 | 38.82 | 62.82 | NOTE | |
| r-devel-windows-x86_64 | 2.0.0 | 16.00 | 57.00 | 73.00 | OK | |
| r-patched-linux-x86_64 | 2.0.0 | 12.84 | 31.20 | 44.04 | OK | |
| r-release-linux-x86_64 | 2.0.0 | 12.21 | 31.00 | 43.21 | OK | |
| r-release-macos-arm64 | 2.0.0 | OK | ||||
| r-release-macos-x86_64 | 2.0.0 | 24.00 | 49.00 | 73.00 | OK | |
| r-release-windows-x86_64 | 2.0.0 | 14.00 | 56.00 | 70.00 | OK | |
| r-oldrel-macos-arm64 | 2.0.0 | OK | ||||
| r-oldrel-macos-x86_64 | 2.0.0 | 10.00 | 31.00 | 41.00 | OK | |
| r-oldrel-windows-x86_64 | 2.0.0 | 17.00 | 62.00 | 79.00 | OK |
Version: 2.0.0
Check: dependencies in R code
Result: NOTE
Namespace in Imports field not imported from: ‘sf’
All declared Imports should be used.
Flavors: r-devel-linux-x86_64-fedora-clang, r-devel-linux-x86_64-fedora-gcc