Last updated on 2025-07-27 18:51:16 CEST.
Flavor | Version | Tinstall | Tcheck | Ttotal | Status | Flags |
---|---|---|---|---|---|---|
r-devel-linux-x86_64-debian-clang | 2.0.2 | 2.70 | 25.06 | 27.76 | NOTE | |
r-devel-linux-x86_64-debian-gcc | 2.0.2 | 2.00 | 19.97 | 21.97 | NOTE | |
r-devel-linux-x86_64-fedora-clang | 2.0.2 | 43.42 | OK | |||
r-devel-linux-x86_64-fedora-gcc | 2.0.2 | 41.31 | OK | |||
r-devel-windows-x86_64 | 2.0.2 | 4.00 | 44.00 | 48.00 | OK | |
r-patched-linux-x86_64 | 2.0.2 | 2.94 | 23.52 | 26.46 | OK | |
r-release-linux-x86_64 | 2.0.2 | 2.43 | 23.79 | 26.22 | OK | |
r-release-macos-arm64 | 2.0.2 | 19.00 | OK | |||
r-release-macos-x86_64 | 2.0.2 | 28.00 | OK | |||
r-release-windows-x86_64 | 2.0.2 | 3.00 | 45.00 | 48.00 | OK | |
r-oldrel-macos-arm64 | 2.0.2 | 22.00 | OK | |||
r-oldrel-macos-x86_64 | 2.0.2 | 25.00 | OK | |||
r-oldrel-windows-x86_64 | 2.0.2 | 5.00 | 48.00 | 53.00 | OK |
Version: 2.0.2
Check: CRAN incoming feasibility
Result: NOTE
Maintainer: ‘Hyungsuk Tak <hyungsuk.tak@gmail.com>’
No Authors@R field in DESCRIPTION.
Please add one, modifying
Authors@R: c(person(given = "Hyungsuk",
family = "Tak",
role = c("aut", "cre"),
email = "hyungsuk.tak@gmail.com"),
person(given = "Henghsiu",
family = "Tsai",
role = "aut"),
person(given = "Kisung",
family = "You",
role = "aut"))
as necessary.
Flavors: r-devel-linux-x86_64-debian-clang, r-devel-linux-x86_64-debian-gcc